{"id":8359,"date":"2022-09-21T13:10:52","date_gmt":"2022-09-21T11:10:52","guid":{"rendered":"https:\/\/www.adconsultants-communications.com\/?page_id=8359"},"modified":"2022-09-23T17:40:50","modified_gmt":"2022-09-23T15:40:50","slug":"ceremonie-des-voeux-du-maire","status":"publish","type":"page","link":"https:\/\/www.adconsultants-communications.com\/?page_id=8359","title":{"rendered":"C\u00e9r\u00e9monie des v\u0153ux du maire"},"content":{"rendered":"<p>[vc_section css=\u00a0\u00bb.vc_custom_1497387491552{border-bottom-width: 1px !important;border-bottom-color: #dddddd !important;border-bottom-style: solid !important;}\u00a0\u00bb][vc_row 0=\u00a0\u00bb\u00a0\u00bb][vc_column 0=\u00a0\u00bb\u00a0\u00bb]<div class=\"wpb_content_element \"><style type=\"text\/css\">#ut_header_69f73efb7203d h2.section-title { font-size:40px !important;line-height:55px !important; }<\/style><header id=\"ut_header_69f73efb7203d\" class=\"section-header  ut-no-title-linebreak-mobile ut-no-lead-linebreak-mobile pt-style-7 header-left header-tablet-left header-mobile-center element-with-custom-line-height\"><div class=\"element-with-custom-line-height\" ><h2 data-title=\"C\u00e9r\u00e9monie des v\u0153ux du maire\"  data-responsive-font=\"section_title\" data-responsive-font-settings=\"{&quot;base-font-size&quot;:&quot;40&quot;,&quot;font-size-unit&quot;:&quot;px&quot;,&quot;font-size&quot;:{&quot;desktop_large&quot;:&quot;40&quot;},&quot;base-line-height&quot;:&quot;global&quot;,&quot;line-height&quot;:{&quot;desktop_large&quot;:&quot;55&quot;},&quot;base-letter-spacing&quot;:&quot;global&quot;}\" class=\"section-title  \"><span><b>C\u00e9r\u00e9monie des v\u0153ux du maire<\/b><\/span><\/h2><\/div><div data-delay=\"0\" class=\"lead \"><p>Il y a quarante ans, la c\u00e9r\u00e9monie des v\u0153ux balbutiait.<br \/>\nElle existait dans les villes, sous la forme de v\u0153ux du maire adress\u00e9e au personnel de la mairie, en cours de semaine, sur le temps travaill\u00e9.<br \/>\nUn discours bien rod\u00e9 ou l\u2019\u00e9lu se f\u00e9licitait du travail effectu\u00e9 par les agents et tra\u00e7ait quelques orientations pour l\u2019ann\u00e9e \u00e0 venir. Puis, la rencontre se finissait autour d\u2019un buffet g\u00e9n\u00e9reux.<\/p>\n<p>Peu \u00e0 peu, la c\u00e9r\u00e9monie a \u00e9volu\u00e9 en direction de la population.<\/p>\n<p>Au d\u00e9but des ann\u00e9es 2000, les maires des petites communes ont voulu s\u2019adresser \u00e0 l\u2019ensemble des habitants. Ce fut une r\u00e9ussite. Les v\u0153ux se sont alors multipli\u00e9s, les invitations aussi\u2026 Les styles sont diff\u00e9rents, mais les villageois sont heureux de se retrouver et d\u2019\u00e9couter attentivement les interventions des \u00e9diles sur les projets de leur village.<\/p>\n<p>La structure des discours, plus ou moins longs, comprend g\u00e9n\u00e9ralement deux chapitres : le premier, ce qui a \u00e9t\u00e9 fait, le second ce qui va \u00eatre r\u00e9alis\u00e9. Peu \u00e0 peu, ces c\u00e9r\u00e9monies se sont accompagn\u00e9es de musiques et de vid\u00e9os montrant les \u00e9v\u00e8nements importants de l\u2019ann\u00e9e \u00e9coul\u00e9e.<br \/>\nL\u2019auditoire qui \u00e9tait souvent debout, est de plus en plus assis dans une salle confortable, faisant de ces v\u0153ux un v\u00e9ritable spectacle.<\/p>\n<p>Le discours est \u00e9crit. Il doit \u00eatre pr\u00e9cis pour int\u00e9resser l\u2019auditoire.<br \/>\nChaque \u00e9v\u00e8nement ou chaque projet fait l\u2019objet d\u2019un paragraphe dont le contenu est all\u00e9g\u00e9 de chiffres pour ne pas brouiller le message. La parole est pos\u00e9e, calme et ferme, soulignant ainsi l\u2019engagement du maire \u00e0 tenir ses promesses. De temps en temps, pour donner une respiration \u00e0 l\u2019allocution, une teinte d\u2019humour est bienvenue.<\/p>\n<p>J\u2019ai souvent constat\u00e9, que les discours \u00e9taient lus trop rapidement, sans regarder les personnes pr\u00e9sentes, comme si l\u2019\u00e9lu se d\u00e9barrassait d\u2019une lourde charge. Les gens sont assis, ils ont le temps d\u2019\u00e9couter.<br \/>\nIls attendent, apr\u00e8s les promesses, les galettes qu\u2019ils partagent avec leurs amis venus passer un moment convivial.<\/p>\n<p><b>Les v\u0153ux, c\u2019est maintenant une institution dans les campagnes.<\/b><\/p>\n<p>\n<\/div><\/header><\/div>[\/vc_column][\/vc_row][\/vc_section]<\/p>\n","protected":false},"excerpt":{"rendered":"<p>[vc_section css=\u00a0\u00bb.vc_custom_1497387491552{border-bottom-width: 1px !important;border-bottom-color: #dddddd !important;border-bottom-style: solid !important;}\u00a0\u00bb][vc_row 0=\u00a0\u00bb\u00a0\u00bb][vc_column 0=\u00a0\u00bb\u00a0\u00bb][\/vc_column][\/vc_row][\/vc_section]<\/p>\n","protected":false},"author":1,"featured_media":0,"parent":0,"menu_order":0,"comment_status":"closed","ping_status":"closed","template":"","meta":{"footnotes":""},"class_list":["post-8359","page","type-page","status-publish","hentry"],"yoast_head":"<!-- This site is optimized with the Yoast SEO plugin v19.9 - https:\/\/yoast.com\/wordpress\/plugins\/seo\/ -->\n<title>C\u00e9r\u00e9monie des v\u0153ux du maire - AD Consultants<\/title>\n<meta name=\"robots\" content=\"index, follow, max-snippet:-1, max-image-preview:large, max-video-preview:-1\" \/>\n<link rel=\"canonical\" href=\"https:\/\/www.adconsultants-communications.com\/?page_id=8359\" \/>\n<meta property=\"og:locale\" content=\"fr_FR\" \/>\n<meta property=\"og:type\" content=\"article\" \/>\n<meta property=\"og:title\" content=\"C\u00e9r\u00e9monie des v\u0153ux du maire - AD Consultants\" \/>\n<meta property=\"og:description\" content=\"[vc_section css=\u00a0\u00bb.vc_custom_1497387491552{border-bottom-width: 1px !important;border-bottom-color: #dddddd !important;border-bottom-style: solid !important;}\u00a0\u00bb][vc_row 0=\u00a0\u00bb\u00a0\u00bb][vc_column 0=\u00a0\u00bb\u00a0\u00bb][\/vc_column][\/vc_row][\/vc_section]\" \/>\n<meta property=\"og:url\" content=\"https:\/\/www.adconsultants-communications.com\/?page_id=8359\" \/>\n<meta property=\"og:site_name\" content=\"AD Consultants\" \/>\n<meta property=\"article:modified_time\" content=\"2022-09-23T15:40:50+00:00\" \/>\n<meta name=\"twitter:card\" content=\"summary_large_image\" \/>\n<meta name=\"twitter:label1\" content=\"Dur\u00e9e de lecture estim\u00e9e\" \/>\n\t<meta name=\"twitter:data1\" content=\"2 minutes\" \/>\n<script type=\"application\/ld+json\" class=\"yoast-schema-graph\">{\"@context\":\"https:\/\/schema.org\",\"@graph\":[{\"@type\":\"WebPage\",\"@id\":\"https:\/\/www.adconsultants-communications.com\/?page_id=8359\",\"url\":\"https:\/\/www.adconsultants-communications.com\/?page_id=8359\",\"name\":\"C\u00e9r\u00e9monie des v\u0153ux du maire - AD Consultants\",\"isPartOf\":{\"@id\":\"https:\/\/www.adconsultants-communications.com\/#website\"},\"datePublished\":\"2022-09-21T11:10:52+00:00\",\"dateModified\":\"2022-09-23T15:40:50+00:00\",\"breadcrumb\":{\"@id\":\"https:\/\/www.adconsultants-communications.com\/?page_id=8359#breadcrumb\"},\"inLanguage\":\"fr-FR\",\"potentialAction\":[{\"@type\":\"ReadAction\",\"target\":[\"https:\/\/www.adconsultants-communications.com\/?page_id=8359\"]}]},{\"@type\":\"BreadcrumbList\",\"@id\":\"https:\/\/www.adconsultants-communications.com\/?page_id=8359#breadcrumb\",\"itemListElement\":[{\"@type\":\"ListItem\",\"position\":1,\"name\":\"Accueil\",\"item\":\"https:\/\/www.adconsultants-communications.com\/\"},{\"@type\":\"ListItem\",\"position\":2,\"name\":\"C\u00e9r\u00e9monie des v\u0153ux du maire\"}]},{\"@type\":\"WebSite\",\"@id\":\"https:\/\/www.adconsultants-communications.com\/#website\",\"url\":\"https:\/\/www.adconsultants-communications.com\/\",\"name\":\"AD Consultants\",\"description\":\"\",\"publisher\":{\"@id\":\"https:\/\/www.adconsultants-communications.com\/#organization\"},\"potentialAction\":[{\"@type\":\"SearchAction\",\"target\":{\"@type\":\"EntryPoint\",\"urlTemplate\":\"https:\/\/www.adconsultants-communications.com\/?s={search_term_string}\"},\"query-input\":\"required name=search_term_string\"}],\"inLanguage\":\"fr-FR\"},{\"@type\":\"Organization\",\"@id\":\"https:\/\/www.adconsultants-communications.com\/#organization\",\"name\":\"AD Consultants communications\",\"url\":\"https:\/\/www.adconsultants-communications.com\/\",\"logo\":{\"@type\":\"ImageObject\",\"inLanguage\":\"fr-FR\",\"@id\":\"https:\/\/www.adconsultants-communications.com\/#\/schema\/logo\/image\/\",\"url\":\"https:\/\/www.adconsultants-communications.com\/wp-content\/uploads\/2022\/09\/LOGO_5.jpg\",\"contentUrl\":\"https:\/\/www.adconsultants-communications.com\/wp-content\/uploads\/2022\/09\/LOGO_5.jpg\",\"width\":800,\"height\":200,\"caption\":\"AD Consultants communications\"},\"image\":{\"@id\":\"https:\/\/www.adconsultants-communications.com\/#\/schema\/logo\/image\/\"}}]}<\/script>\n<!-- \/ Yoast SEO plugin. -->","yoast_head_json":{"title":"C\u00e9r\u00e9monie des v\u0153ux du maire - AD Consultants","robots":{"index":"index","follow":"follow","max-snippet":"max-snippet:-1","max-image-preview":"max-image-preview:large","max-video-preview":"max-video-preview:-1"},"canonical":"https:\/\/www.adconsultants-communications.com\/?page_id=8359","og_locale":"fr_FR","og_type":"article","og_title":"C\u00e9r\u00e9monie des v\u0153ux du maire - AD Consultants","og_description":"[vc_section css=\u00a0\u00bb.vc_custom_1497387491552{border-bottom-width: 1px !important;border-bottom-color: #dddddd !important;border-bottom-style: solid !important;}\u00a0\u00bb][vc_row 0=\u00a0\u00bb\u00a0\u00bb][vc_column 0=\u00a0\u00bb\u00a0\u00bb][\/vc_column][\/vc_row][\/vc_section]","og_url":"https:\/\/www.adconsultants-communications.com\/?page_id=8359","og_site_name":"AD Consultants","article_modified_time":"2022-09-23T15:40:50+00:00","twitter_card":"summary_large_image","twitter_misc":{"Dur\u00e9e de lecture estim\u00e9e":"2 minutes"},"schema":{"@context":"https:\/\/schema.org","@graph":[{"@type":"WebPage","@id":"https:\/\/www.adconsultants-communications.com\/?page_id=8359","url":"https:\/\/www.adconsultants-communications.com\/?page_id=8359","name":"C\u00e9r\u00e9monie des v\u0153ux du maire - AD Consultants","isPartOf":{"@id":"https:\/\/www.adconsultants-communications.com\/#website"},"datePublished":"2022-09-21T11:10:52+00:00","dateModified":"2022-09-23T15:40:50+00:00","breadcrumb":{"@id":"https:\/\/www.adconsultants-communications.com\/?page_id=8359#breadcrumb"},"inLanguage":"fr-FR","potentialAction":[{"@type":"ReadAction","target":["https:\/\/www.adconsultants-communications.com\/?page_id=8359"]}]},{"@type":"BreadcrumbList","@id":"https:\/\/www.adconsultants-communications.com\/?page_id=8359#breadcrumb","itemListElement":[{"@type":"ListItem","position":1,"name":"Accueil","item":"https:\/\/www.adconsultants-communications.com\/"},{"@type":"ListItem","position":2,"name":"C\u00e9r\u00e9monie des v\u0153ux du maire"}]},{"@type":"WebSite","@id":"https:\/\/www.adconsultants-communications.com\/#website","url":"https:\/\/www.adconsultants-communications.com\/","name":"AD Consultants","description":"","publisher":{"@id":"https:\/\/www.adconsultants-communications.com\/#organization"},"potentialAction":[{"@type":"SearchAction","target":{"@type":"EntryPoint","urlTemplate":"https:\/\/www.adconsultants-communications.com\/?s={search_term_string}"},"query-input":"required name=search_term_string"}],"inLanguage":"fr-FR"},{"@type":"Organization","@id":"https:\/\/www.adconsultants-communications.com\/#organization","name":"AD Consultants communications","url":"https:\/\/www.adconsultants-communications.com\/","logo":{"@type":"ImageObject","inLanguage":"fr-FR","@id":"https:\/\/www.adconsultants-communications.com\/#\/schema\/logo\/image\/","url":"https:\/\/www.adconsultants-communications.com\/wp-content\/uploads\/2022\/09\/LOGO_5.jpg","contentUrl":"https:\/\/www.adconsultants-communications.com\/wp-content\/uploads\/2022\/09\/LOGO_5.jpg","width":800,"height":200,"caption":"AD Consultants communications"},"image":{"@id":"https:\/\/www.adconsultants-communications.com\/#\/schema\/logo\/image\/"}}]}},"_links":{"self":[{"href":"https:\/\/www.adconsultants-communications.com\/index.php?rest_route=\/wp\/v2\/pages\/8359","targetHints":{"allow":["GET"]}}],"collection":[{"href":"https:\/\/www.adconsultants-communications.com\/index.php?rest_route=\/wp\/v2\/pages"}],"about":[{"href":"https:\/\/www.adconsultants-communications.com\/index.php?rest_route=\/wp\/v2\/types\/page"}],"author":[{"embeddable":true,"href":"https:\/\/www.adconsultants-communications.com\/index.php?rest_route=\/wp\/v2\/users\/1"}],"replies":[{"embeddable":true,"href":"https:\/\/www.adconsultants-communications.com\/index.php?rest_route=%2Fwp%2Fv2%2Fcomments&post=8359"}],"version-history":[{"count":1,"href":"https:\/\/www.adconsultants-communications.com\/index.php?rest_route=\/wp\/v2\/pages\/8359\/revisions"}],"predecessor-version":[{"id":8373,"href":"https:\/\/www.adconsultants-communications.com\/index.php?rest_route=\/wp\/v2\/pages\/8359\/revisions\/8373"}],"wp:attachment":[{"href":"https:\/\/www.adconsultants-communications.com\/index.php?rest_route=%2Fwp%2Fv2%2Fmedia&parent=8359"}],"curies":[{"name":"wp","href":"https:\/\/api.w.org\/{rel}","templated":true}]}}