{"id":8358,"date":"2022-09-21T13:08:57","date_gmt":"2022-09-21T11:08:57","guid":{"rendered":"https:\/\/www.adconsultants-communications.com\/?page_id=8358"},"modified":"2022-09-23T17:40:09","modified_gmt":"2022-09-23T15:40:09","slug":"un-depart-a-la-retraite","status":"publish","type":"page","link":"https:\/\/www.adconsultants-communications.com\/?page_id=8358","title":{"rendered":"Un d\u00e9part \u00e0 la retraite"},"content":{"rendered":"<p>[vc_section css=\u00a0\u00bb.vc_custom_1497387491552{border-bottom-width: 1px !important;border-bottom-color: #dddddd !important;border-bottom-style: solid !important;}\u00a0\u00bb][vc_row 0=\u00a0\u00bb\u00a0\u00bb][vc_column 0=\u00a0\u00bb\u00a0\u00bb]<div class=\"wpb_content_element \"><style type=\"text\/css\">#ut_header_69f740450911b h2.section-title { font-size:40px !important;line-height:55px !important; }<\/style><header id=\"ut_header_69f740450911b\" class=\"section-header  ut-no-title-linebreak-mobile ut-no-lead-linebreak-mobile pt-style-7 header-left header-tablet-left header-mobile-center element-with-custom-line-height\"><div class=\"element-with-custom-line-height\" ><h2 data-title=\"Un d\u00e9part \u00e0 la retraite\"  data-responsive-font=\"section_title\" data-responsive-font-settings=\"{&quot;base-font-size&quot;:&quot;40&quot;,&quot;font-size-unit&quot;:&quot;px&quot;,&quot;font-size&quot;:{&quot;desktop_large&quot;:&quot;40&quot;},&quot;base-line-height&quot;:&quot;global&quot;,&quot;line-height&quot;:{&quot;desktop_large&quot;:&quot;55&quot;},&quot;base-letter-spacing&quot;:&quot;global&quot;}\" class=\"section-title  \"><span><b>Un d\u00e9part \u00e0 la retraite<\/b><\/span><\/h2><\/div><div data-delay=\"0\" class=\"lead \"><p>C\u2019est un temps fort de la vie municipale. La prise de parole ne peut pas \u00eatre improvis\u00e9e. C\u2019est un moment solennel pour l\u2019employ\u00e9 qui quitte la mairie apr\u00e8s de longues ann\u00e9es d\u2019exercice, mais aussi pour le maire qui voit partir un ou une collaboratrice avec qui l\u2019entente \u00e9tait parfaite.<\/p>\n<p>C\u2019est dire que le discours doit retracer la carri\u00e8re de l\u2019agent avec pr\u00e9cision, relater les moments importants de sa vie professionnelle et \u00eatre teint\u00e9 d\u2019humour et d\u2019\u00e9motion dans les derniers mots prononc\u00e9s. Sa dur\u00e9e peut \u00eatre plus ou moins longue, selon le poste occup\u00e9 par l\u2019employ\u00e9.<\/p>\n<p>Le rythme et le ton de la voix doivent \u00eatre bien pos\u00e9s. Le texte \u00e9crit est lu. L\u2019orateur rel\u00e8ve r\u00e9guli\u00e8rement la t\u00eate en regardant la personne honor\u00e9e, soulignant ainsi le sens profond des propos tenus.<\/p>\n<p>Je mets toujours un point d\u2019honneur \u00e0 bien r\u00e9ussir cet exercice, qui restera grav\u00e9 dans la m\u00e9moire du futur retrait\u00e9.<\/p>\n<p>A la fin de mon intervention, j\u2019ai le plaisir de lui remettre la m\u00e9daille de la ville, qui le fait citoyen d\u2019honneur de Bl\u00e9neau, mais aussi mon discours \u00e9crit avec un mot personnel qu\u2019il sera seul \u00e0 lire. C\u2019est un temps intime de la c\u00e9r\u00e9monie. L\u2019\u00e9motion envahit l\u2019assistance qui applaudit \u00e0 pleines mains.<\/p>\n<p>Les d\u00e9parts de ma secr\u00e9taire g\u00e9n\u00e9rale et de mon secr\u00e9taire \u00e0 l\u2019accueil m\u2019ont particuli\u00e8rement marqu\u00e9 tant les liens professionnels tiss\u00e9s \u00e9taient \u00e9troits. J\u2019ai eu le sentiment de tourner une grande page de ma vie d\u2019\u00e9lu en leur donnant la m\u00e9daille de la ville.<\/p>\n<\/div><\/header><\/div>[\/vc_column][\/vc_row][\/vc_section]<\/p>\n","protected":false},"excerpt":{"rendered":"<p>[vc_section css=\u00a0\u00bb.vc_custom_1497387491552{border-bottom-width: 1px !important;border-bottom-color: #dddddd !important;border-bottom-style: solid !important;}\u00a0\u00bb][vc_row 0=\u00a0\u00bb\u00a0\u00bb][vc_column 0=\u00a0\u00bb\u00a0\u00bb][\/vc_column][\/vc_row][\/vc_section]<\/p>\n","protected":false},"author":1,"featured_media":0,"parent":0,"menu_order":0,"comment_status":"closed","ping_status":"closed","template":"","meta":{"footnotes":""},"class_list":["post-8358","page","type-page","status-publish","hentry"],"yoast_head":"<!-- This site is optimized with the Yoast SEO plugin v19.9 - https:\/\/yoast.com\/wordpress\/plugins\/seo\/ -->\n<title>Un d\u00e9part \u00e0 la retraite - AD Consultants<\/title>\n<meta name=\"robots\" content=\"index, follow, max-snippet:-1, max-image-preview:large, max-video-preview:-1\" \/>\n<link rel=\"canonical\" href=\"https:\/\/www.adconsultants-communications.com\/?page_id=8358\" \/>\n<meta property=\"og:locale\" content=\"fr_FR\" \/>\n<meta property=\"og:type\" content=\"article\" \/>\n<meta property=\"og:title\" content=\"Un d\u00e9part \u00e0 la retraite - AD Consultants\" \/>\n<meta property=\"og:description\" content=\"[vc_section css=\u00a0\u00bb.vc_custom_1497387491552{border-bottom-width: 1px !important;border-bottom-color: #dddddd !important;border-bottom-style: solid !important;}\u00a0\u00bb][vc_row 0=\u00a0\u00bb\u00a0\u00bb][vc_column 0=\u00a0\u00bb\u00a0\u00bb][\/vc_column][\/vc_row][\/vc_section]\" \/>\n<meta property=\"og:url\" content=\"https:\/\/www.adconsultants-communications.com\/?page_id=8358\" \/>\n<meta property=\"og:site_name\" content=\"AD Consultants\" \/>\n<meta property=\"article:modified_time\" content=\"2022-09-23T15:40:09+00:00\" \/>\n<meta name=\"twitter:card\" content=\"summary_large_image\" \/>\n<meta name=\"twitter:label1\" content=\"Dur\u00e9e de lecture estim\u00e9e\" \/>\n\t<meta name=\"twitter:data1\" content=\"2 minutes\" \/>\n<script type=\"application\/ld+json\" class=\"yoast-schema-graph\">{\"@context\":\"https:\/\/schema.org\",\"@graph\":[{\"@type\":\"WebPage\",\"@id\":\"https:\/\/www.adconsultants-communications.com\/?page_id=8358\",\"url\":\"https:\/\/www.adconsultants-communications.com\/?page_id=8358\",\"name\":\"Un d\u00e9part \u00e0 la retraite - AD Consultants\",\"isPartOf\":{\"@id\":\"https:\/\/www.adconsultants-communications.com\/#website\"},\"datePublished\":\"2022-09-21T11:08:57+00:00\",\"dateModified\":\"2022-09-23T15:40:09+00:00\",\"breadcrumb\":{\"@id\":\"https:\/\/www.adconsultants-communications.com\/?page_id=8358#breadcrumb\"},\"inLanguage\":\"fr-FR\",\"potentialAction\":[{\"@type\":\"ReadAction\",\"target\":[\"https:\/\/www.adconsultants-communications.com\/?page_id=8358\"]}]},{\"@type\":\"BreadcrumbList\",\"@id\":\"https:\/\/www.adconsultants-communications.com\/?page_id=8358#breadcrumb\",\"itemListElement\":[{\"@type\":\"ListItem\",\"position\":1,\"name\":\"Accueil\",\"item\":\"https:\/\/www.adconsultants-communications.com\/\"},{\"@type\":\"ListItem\",\"position\":2,\"name\":\"Un d\u00e9part \u00e0 la retraite\"}]},{\"@type\":\"WebSite\",\"@id\":\"https:\/\/www.adconsultants-communications.com\/#website\",\"url\":\"https:\/\/www.adconsultants-communications.com\/\",\"name\":\"AD Consultants\",\"description\":\"\",\"publisher\":{\"@id\":\"https:\/\/www.adconsultants-communications.com\/#organization\"},\"potentialAction\":[{\"@type\":\"SearchAction\",\"target\":{\"@type\":\"EntryPoint\",\"urlTemplate\":\"https:\/\/www.adconsultants-communications.com\/?s={search_term_string}\"},\"query-input\":\"required name=search_term_string\"}],\"inLanguage\":\"fr-FR\"},{\"@type\":\"Organization\",\"@id\":\"https:\/\/www.adconsultants-communications.com\/#organization\",\"name\":\"AD Consultants communications\",\"url\":\"https:\/\/www.adconsultants-communications.com\/\",\"logo\":{\"@type\":\"ImageObject\",\"inLanguage\":\"fr-FR\",\"@id\":\"https:\/\/www.adconsultants-communications.com\/#\/schema\/logo\/image\/\",\"url\":\"https:\/\/www.adconsultants-communications.com\/wp-content\/uploads\/2022\/09\/LOGO_5.jpg\",\"contentUrl\":\"https:\/\/www.adconsultants-communications.com\/wp-content\/uploads\/2022\/09\/LOGO_5.jpg\",\"width\":800,\"height\":200,\"caption\":\"AD Consultants communications\"},\"image\":{\"@id\":\"https:\/\/www.adconsultants-communications.com\/#\/schema\/logo\/image\/\"}}]}<\/script>\n<!-- \/ Yoast SEO plugin. -->","yoast_head_json":{"title":"Un d\u00e9part \u00e0 la retraite - AD Consultants","robots":{"index":"index","follow":"follow","max-snippet":"max-snippet:-1","max-image-preview":"max-image-preview:large","max-video-preview":"max-video-preview:-1"},"canonical":"https:\/\/www.adconsultants-communications.com\/?page_id=8358","og_locale":"fr_FR","og_type":"article","og_title":"Un d\u00e9part \u00e0 la retraite - AD Consultants","og_description":"[vc_section css=\u00a0\u00bb.vc_custom_1497387491552{border-bottom-width: 1px !important;border-bottom-color: #dddddd !important;border-bottom-style: solid !important;}\u00a0\u00bb][vc_row 0=\u00a0\u00bb\u00a0\u00bb][vc_column 0=\u00a0\u00bb\u00a0\u00bb][\/vc_column][\/vc_row][\/vc_section]","og_url":"https:\/\/www.adconsultants-communications.com\/?page_id=8358","og_site_name":"AD Consultants","article_modified_time":"2022-09-23T15:40:09+00:00","twitter_card":"summary_large_image","twitter_misc":{"Dur\u00e9e de lecture estim\u00e9e":"2 minutes"},"schema":{"@context":"https:\/\/schema.org","@graph":[{"@type":"WebPage","@id":"https:\/\/www.adconsultants-communications.com\/?page_id=8358","url":"https:\/\/www.adconsultants-communications.com\/?page_id=8358","name":"Un d\u00e9part \u00e0 la retraite - AD Consultants","isPartOf":{"@id":"https:\/\/www.adconsultants-communications.com\/#website"},"datePublished":"2022-09-21T11:08:57+00:00","dateModified":"2022-09-23T15:40:09+00:00","breadcrumb":{"@id":"https:\/\/www.adconsultants-communications.com\/?page_id=8358#breadcrumb"},"inLanguage":"fr-FR","potentialAction":[{"@type":"ReadAction","target":["https:\/\/www.adconsultants-communications.com\/?page_id=8358"]}]},{"@type":"BreadcrumbList","@id":"https:\/\/www.adconsultants-communications.com\/?page_id=8358#breadcrumb","itemListElement":[{"@type":"ListItem","position":1,"name":"Accueil","item":"https:\/\/www.adconsultants-communications.com\/"},{"@type":"ListItem","position":2,"name":"Un d\u00e9part \u00e0 la retraite"}]},{"@type":"WebSite","@id":"https:\/\/www.adconsultants-communications.com\/#website","url":"https:\/\/www.adconsultants-communications.com\/","name":"AD Consultants","description":"","publisher":{"@id":"https:\/\/www.adconsultants-communications.com\/#organization"},"potentialAction":[{"@type":"SearchAction","target":{"@type":"EntryPoint","urlTemplate":"https:\/\/www.adconsultants-communications.com\/?s={search_term_string}"},"query-input":"required name=search_term_string"}],"inLanguage":"fr-FR"},{"@type":"Organization","@id":"https:\/\/www.adconsultants-communications.com\/#organization","name":"AD Consultants communications","url":"https:\/\/www.adconsultants-communications.com\/","logo":{"@type":"ImageObject","inLanguage":"fr-FR","@id":"https:\/\/www.adconsultants-communications.com\/#\/schema\/logo\/image\/","url":"https:\/\/www.adconsultants-communications.com\/wp-content\/uploads\/2022\/09\/LOGO_5.jpg","contentUrl":"https:\/\/www.adconsultants-communications.com\/wp-content\/uploads\/2022\/09\/LOGO_5.jpg","width":800,"height":200,"caption":"AD Consultants communications"},"image":{"@id":"https:\/\/www.adconsultants-communications.com\/#\/schema\/logo\/image\/"}}]}},"_links":{"self":[{"href":"https:\/\/www.adconsultants-communications.com\/index.php?rest_route=\/wp\/v2\/pages\/8358","targetHints":{"allow":["GET"]}}],"collection":[{"href":"https:\/\/www.adconsultants-communications.com\/index.php?rest_route=\/wp\/v2\/pages"}],"about":[{"href":"https:\/\/www.adconsultants-communications.com\/index.php?rest_route=\/wp\/v2\/types\/page"}],"author":[{"embeddable":true,"href":"https:\/\/www.adconsultants-communications.com\/index.php?rest_route=\/wp\/v2\/users\/1"}],"replies":[{"embeddable":true,"href":"https:\/\/www.adconsultants-communications.com\/index.php?rest_route=%2Fwp%2Fv2%2Fcomments&post=8358"}],"version-history":[{"count":1,"href":"https:\/\/www.adconsultants-communications.com\/index.php?rest_route=\/wp\/v2\/pages\/8358\/revisions"}],"predecessor-version":[{"id":8372,"href":"https:\/\/www.adconsultants-communications.com\/index.php?rest_route=\/wp\/v2\/pages\/8358\/revisions\/8372"}],"wp:attachment":[{"href":"https:\/\/www.adconsultants-communications.com\/index.php?rest_route=%2Fwp%2Fv2%2Fmedia&parent=8358"}],"curies":[{"name":"wp","href":"https:\/\/api.w.org\/{rel}","templated":true}]}}

Un départ à la retraite

<p>[vc_section css= ».vc_custom_1497387491552{border-bottom-width: 1px !important;border-bottom-color: #dddddd !important;border-bottom-style: solid !important;} »][vc_row 0= » »][vc_column 0= » »]<div class="wpb_content_element "><style type="text/css">#ut_header_69f740450911b h2.section-title { font-size:40px !important;line-height:55px !important; }</style><header id="ut_header_69f740450911b" class="section-header  ut-no-title-linebreak-mobile ut-no-lead-linebreak-mobile pt-style-7 header-left header-tablet-left header-mobile-center element-with-custom-line-height"><div class="element-with-custom-line-height" ><h2 data-title="Un départ à la retraite"  data-responsive-font="section_title" data-responsive-font-settings="{&quot;base-font-size&quot;:&quot;40&quot;,&quot;font-size-unit&quot;:&quot;px&quot;,&quot;font-size&quot;:{&quot;desktop_large&quot;:&quot;40&quot;},&quot;base-line-height&quot;:&quot;global&quot;,&quot;line-height&quot;:{&quot;desktop_large&quot;:&quot;55&quot;},&quot;base-letter-spacing&quot;:&quot;global&quot;}" class="section-title  "><span><b>Un départ à la retraite</b></span></h2></div><div data-delay="0" class="lead "><p>C’est un temps fort de la vie municipale. La prise de parole ne peut pas être improvisée. C’est un moment solennel pour l’employé qui quitte la mairie après de longues années d’exercice, mais aussi pour le maire qui voit partir un ou une collaboratrice avec qui l’entente était parfaite.</p>
<p>C’est dire que le discours doit retracer la carrière de l’agent avec précision, relater les moments importants de sa vie professionnelle et être teinté d’humour et d’émotion dans les derniers mots prononcés. Sa durée peut être plus ou moins longue, selon le poste occupé par l’employé.</p>
<p>Le rythme et le ton de la voix doivent être bien posés. Le texte écrit est lu. L’orateur relève régulièrement la tête en regardant la personne honorée, soulignant ainsi le sens profond des propos tenus.</p>
<p>Je mets toujours un point d’honneur à bien réussir cet exercice, qui restera gravé dans la mémoire du futur retraité.</p>
<p>A la fin de mon intervention, j’ai le plaisir de lui remettre la médaille de la ville, qui le fait citoyen d’honneur de Bléneau, mais aussi mon discours écrit avec un mot personnel qu’il sera seul à lire. C’est un temps intime de la cérémonie. L’émotion envahit l’assistance qui applaudit à pleines mains.</p>
<p>Les départs de ma secrétaire générale et de mon secrétaire à l’accueil m’ont particulièrement marqué tant les liens professionnels tissés étaient étroits. J’ai eu le sentiment de tourner une grande page de ma vie d’élu en leur donnant la médaille de la ville.</p>
</div></header></div>[/vc_column][/vc_row][/vc_section]</p>

<!-- This site is optimized with the Yoast SEO plugin v19.9 - https://yoast.com/wordpress/plugins/seo/ -->
<title>Un départ à la retraite - AD Consultants</title>
<meta name="robots" content="index, follow, max-snippet:-1, max-image-preview:large, max-video-preview:-1" />
<link rel="canonical" href="https://www.adconsultants-communications.com/?page_id=8358" />
<meta property="og:locale" content="fr_FR" />
<meta property="og:type" content="article" />
<meta property="og:title" content="Un départ à la retraite - AD Consultants" />
<meta property="og:description" content="[vc_section css= ».vc_custom_1497387491552{border-bottom-width: 1px !important;border-bottom-color: #dddddd !important;border-bottom-style: solid !important;} »][vc_row 0= » »][vc_column 0= » »][/vc_column][/vc_row][/vc_section]" />
<meta property="og:url" content="https://www.adconsultants-communications.com/?page_id=8358" />
<meta property="og:site_name" content="AD Consultants" />
<meta property="article:modified_time" content="2022-09-23T15:40:09+00:00" />
<meta name="twitter:card" content="summary_large_image" />
<meta name="twitter:label1" content="Durée de lecture estimée" />
	<meta name="twitter:data1" content="2 minutes" />
<script type="application/ld+json" class="yoast-schema-graph">{"@context":"https://schema.org","@graph":[{"@type":"WebPage","@id":"https://www.adconsultants-communications.com/?page_id=8358","url":"https://www.adconsultants-communications.com/?page_id=8358","name":"Un départ à la retraite - AD Consultants","isPartOf":{"@id":"https://www.adconsultants-communications.com/#website"},"datePublished":"2022-09-21T11:08:57+00:00","dateModified":"2022-09-23T15:40:09+00:00","breadcrumb":{"@id":"https://www.adconsultants-communications.com/?page_id=8358#breadcrumb"},"inLanguage":"fr-FR","potentialAction":[{"@type":"ReadAction","target":["https://www.adconsultants-communications.com/?page_id=8358"]}]},{"@type":"BreadcrumbList","@id":"https://www.adconsultants-communications.com/?page_id=8358#breadcrumb","itemListElement":[{"@type":"ListItem","position":1,"name":"Accueil","item":"https://www.adconsultants-communications.com/"},{"@type":"ListItem","position":2,"name":"Un départ à la retraite"}]},{"@type":"WebSite","@id":"https://www.adconsultants-communications.com/#website","url":"https://www.adconsultants-communications.com/","name":"AD Consultants","description":"","publisher":{"@id":"https://www.adconsultants-communications.com/#organization"},"potentialAction":[{"@type":"SearchAction","target":{"@type":"EntryPoint","urlTemplate":"https://www.adconsultants-communications.com/?s={search_term_string}"},"query-input":"required name=search_term_string"}],"inLanguage":"fr-FR"},{"@type":"Organization","@id":"https://www.adconsultants-communications.com/#organization","name":"AD Consultants communications","url":"https://www.adconsultants-communications.com/","logo":{"@type":"ImageObject","inLanguage":"fr-FR","@id":"https://www.adconsultants-communications.com/#/schema/logo/image/","url":"https://www.adconsultants-communications.com/wp-content/uploads/2022/09/LOGO_5.jpg","contentUrl":"https://www.adconsultants-communications.com/wp-content/uploads/2022/09/LOGO_5.jpg","width":800,"height":200,"caption":"AD Consultants communications"},"image":{"@id":"https://www.adconsultants-communications.com/#/schema/logo/image/"}}]}</script>
<!-- / Yoast SEO plugin. -->

Un départ à la retraite - AD Consultants
