{"id":8356,"date":"2022-09-21T13:04:35","date_gmt":"2022-09-21T11:04:35","guid":{"rendered":"https:\/\/www.adconsultants-communications.com\/?page_id=8356"},"modified":"2022-09-23T17:38:54","modified_gmt":"2022-09-23T15:38:54","slug":"hommage-a-un-maire-decede","status":"publish","type":"page","link":"https:\/\/www.adconsultants-communications.com\/?page_id=8356","title":{"rendered":"Hommage \u00e0 un maire d\u00e9c\u00e9d\u00e9"},"content":{"rendered":"<p>[vc_section css=\u00a0\u00bb.vc_custom_1497387491552{border-bottom-width: 1px !important;border-bottom-color: #dddddd !important;border-bottom-style: solid !important;}\u00a0\u00bb][vc_row 0=\u00a0\u00bb\u00a0\u00bb][vc_column 0=\u00a0\u00bb\u00a0\u00bb]<div class=\"wpb_content_element \"><style type=\"text\/css\">#ut_header_69f74085bd07d h2.section-title { font-size:40px !important;line-height:55px !important; }<\/style><header id=\"ut_header_69f74085bd07d\" class=\"section-header  ut-no-title-linebreak-mobile ut-no-lead-linebreak-mobile pt-style-7 header-left header-tablet-left header-mobile-center element-with-custom-line-height\"><div class=\"element-with-custom-line-height\" ><h2 data-title=\"Hommage \u00e0 un maire d\u00e9c\u00e9d\u00e9\"  data-responsive-font=\"section_title\" data-responsive-font-settings=\"{&quot;base-font-size&quot;:&quot;40&quot;,&quot;font-size-unit&quot;:&quot;px&quot;,&quot;font-size&quot;:{&quot;desktop_large&quot;:&quot;40&quot;},&quot;base-line-height&quot;:&quot;global&quot;,&quot;line-height&quot;:{&quot;desktop_large&quot;:&quot;55&quot;},&quot;base-letter-spacing&quot;:&quot;global&quot;}\" class=\"section-title  \"><span><b>Hommage \u00e0 un maire d\u00e9c\u00e9d\u00e9<\/b><\/span><\/h2><\/div><div data-delay=\"0\" class=\"lead \"><p>En qualit\u00e9 de conseiller g\u00e9n\u00e9ral et de maire, j\u2019ai souvent l\u2019occasion de rendre hommage \u00e0 des \u00e9lus disparus. C\u2019est mon devoir de rappeler les actions municipales conduites par le d\u00e9funt. J\u2019honore sa m\u00e9moire et pr\u00e9sente mes condol\u00e9ances \u00e0 sa famille.<\/p>\n<p>A l\u2019\u00e9glise, devant l\u2019autel ou \u00e0 la maison fun\u00e9raire, je prends la parole pour lire le texte que j\u2019ai \u00e9cris afin de bien peser les mots qui r\u00e9sonnent dans la t\u00eate de ses proches.<\/p>\n<p>Si mes liens sont \u00e9troits avec le d\u00e9funt, je m\u2019adresse directement \u00e0 lui. Je lui parle avec mon c\u0153ur. Je lui exprime mes sentiments avec \u00e9motion et une profonde sinc\u00e9rit\u00e9. Je sais que ce sont des instants de grande souffrance morale. A la fin de mes propos, j\u2019adresse toujours un message de sympathie \u00e0 la famille.<\/p>\n<p>J\u2019ai le souvenir de deux hommages rendus \u00e0 deux maires de mon canton qui sont morts pr\u00e8s de moi, l\u2019un dans un accident de voiture, l\u2019autre en tombant dans un escalier de la Maison de retraite alors que j\u2019\u00e9tais \u00e0 ses c\u00f4t\u00e9s. Deux maires amis, qui m\u2019ont accompagn\u00e9 au d\u00e9but de mon chemin politique.<\/p>\n<p>En me rendant \u00e0 la tribune pr\u00e8s de l\u2019autel, je pense \u00e0 eux. Mon \u00e9motion est forte. Devant le micro, je prends une grande inspiration pour \u00eatre en capacit\u00e9 de parler sans m\u2019interrompre \u00e0 la fin de la premi\u00e8re ligne. L\u2019\u00e9motion devient plus forte encore. Je la transmets \u00e0 la famille et aux amis pr\u00e9sents.<\/p>\n<p>Mon intervention achev\u00e9e, je me dirige vers le cercueil o\u00f9 je d\u00e9pose l\u2019\u00e9charpe tricolore du d\u00e9funt. Moments intenses qui me restent grav\u00e9s dans ma m\u00e9moire.<\/p>\n<\/div><\/header><\/div>[\/vc_column][\/vc_row][\/vc_section]<\/p>\n","protected":false},"excerpt":{"rendered":"<p>[vc_section css=\u00a0\u00bb.vc_custom_1497387491552{border-bottom-width: 1px !important;border-bottom-color: #dddddd !important;border-bottom-style: solid !important;}\u00a0\u00bb][vc_row 0=\u00a0\u00bb\u00a0\u00bb][vc_column 0=\u00a0\u00bb\u00a0\u00bb][\/vc_column][\/vc_row][\/vc_section]<\/p>\n","protected":false},"author":1,"featured_media":0,"parent":0,"menu_order":0,"comment_status":"closed","ping_status":"closed","template":"","meta":{"footnotes":""},"class_list":["post-8356","page","type-page","status-publish","hentry"],"yoast_head":"<!-- This site is optimized with the Yoast SEO plugin v19.9 - https:\/\/yoast.com\/wordpress\/plugins\/seo\/ -->\n<title>Hommage \u00e0 un maire d\u00e9c\u00e9d\u00e9 - AD Consultants<\/title>\n<meta name=\"robots\" content=\"index, follow, max-snippet:-1, max-image-preview:large, max-video-preview:-1\" \/>\n<link rel=\"canonical\" href=\"https:\/\/www.adconsultants-communications.com\/?page_id=8356\" \/>\n<meta property=\"og:locale\" content=\"fr_FR\" \/>\n<meta property=\"og:type\" content=\"article\" \/>\n<meta property=\"og:title\" content=\"Hommage \u00e0 un maire d\u00e9c\u00e9d\u00e9 - AD Consultants\" \/>\n<meta property=\"og:description\" content=\"[vc_section css=\u00a0\u00bb.vc_custom_1497387491552{border-bottom-width: 1px !important;border-bottom-color: #dddddd !important;border-bottom-style: solid !important;}\u00a0\u00bb][vc_row 0=\u00a0\u00bb\u00a0\u00bb][vc_column 0=\u00a0\u00bb\u00a0\u00bb][\/vc_column][\/vc_row][\/vc_section]\" \/>\n<meta property=\"og:url\" content=\"https:\/\/www.adconsultants-communications.com\/?page_id=8356\" \/>\n<meta property=\"og:site_name\" content=\"AD Consultants\" \/>\n<meta property=\"article:modified_time\" content=\"2022-09-23T15:38:54+00:00\" \/>\n<meta name=\"twitter:card\" content=\"summary_large_image\" \/>\n<meta name=\"twitter:label1\" content=\"Dur\u00e9e de lecture estim\u00e9e\" \/>\n\t<meta name=\"twitter:data1\" content=\"2 minutes\" \/>\n<script type=\"application\/ld+json\" class=\"yoast-schema-graph\">{\"@context\":\"https:\/\/schema.org\",\"@graph\":[{\"@type\":\"WebPage\",\"@id\":\"https:\/\/www.adconsultants-communications.com\/?page_id=8356\",\"url\":\"https:\/\/www.adconsultants-communications.com\/?page_id=8356\",\"name\":\"Hommage \u00e0 un maire d\u00e9c\u00e9d\u00e9 - AD Consultants\",\"isPartOf\":{\"@id\":\"https:\/\/www.adconsultants-communications.com\/#website\"},\"datePublished\":\"2022-09-21T11:04:35+00:00\",\"dateModified\":\"2022-09-23T15:38:54+00:00\",\"breadcrumb\":{\"@id\":\"https:\/\/www.adconsultants-communications.com\/?page_id=8356#breadcrumb\"},\"inLanguage\":\"fr-FR\",\"potentialAction\":[{\"@type\":\"ReadAction\",\"target\":[\"https:\/\/www.adconsultants-communications.com\/?page_id=8356\"]}]},{\"@type\":\"BreadcrumbList\",\"@id\":\"https:\/\/www.adconsultants-communications.com\/?page_id=8356#breadcrumb\",\"itemListElement\":[{\"@type\":\"ListItem\",\"position\":1,\"name\":\"Accueil\",\"item\":\"https:\/\/www.adconsultants-communications.com\/\"},{\"@type\":\"ListItem\",\"position\":2,\"name\":\"Hommage \u00e0 un maire d\u00e9c\u00e9d\u00e9\"}]},{\"@type\":\"WebSite\",\"@id\":\"https:\/\/www.adconsultants-communications.com\/#website\",\"url\":\"https:\/\/www.adconsultants-communications.com\/\",\"name\":\"AD Consultants\",\"description\":\"\",\"publisher\":{\"@id\":\"https:\/\/www.adconsultants-communications.com\/#organization\"},\"potentialAction\":[{\"@type\":\"SearchAction\",\"target\":{\"@type\":\"EntryPoint\",\"urlTemplate\":\"https:\/\/www.adconsultants-communications.com\/?s={search_term_string}\"},\"query-input\":\"required name=search_term_string\"}],\"inLanguage\":\"fr-FR\"},{\"@type\":\"Organization\",\"@id\":\"https:\/\/www.adconsultants-communications.com\/#organization\",\"name\":\"AD Consultants communications\",\"url\":\"https:\/\/www.adconsultants-communications.com\/\",\"logo\":{\"@type\":\"ImageObject\",\"inLanguage\":\"fr-FR\",\"@id\":\"https:\/\/www.adconsultants-communications.com\/#\/schema\/logo\/image\/\",\"url\":\"https:\/\/www.adconsultants-communications.com\/wp-content\/uploads\/2022\/09\/LOGO_5.jpg\",\"contentUrl\":\"https:\/\/www.adconsultants-communications.com\/wp-content\/uploads\/2022\/09\/LOGO_5.jpg\",\"width\":800,\"height\":200,\"caption\":\"AD Consultants communications\"},\"image\":{\"@id\":\"https:\/\/www.adconsultants-communications.com\/#\/schema\/logo\/image\/\"}}]}<\/script>\n<!-- \/ Yoast SEO plugin. -->","yoast_head_json":{"title":"Hommage \u00e0 un maire d\u00e9c\u00e9d\u00e9 - AD Consultants","robots":{"index":"index","follow":"follow","max-snippet":"max-snippet:-1","max-image-preview":"max-image-preview:large","max-video-preview":"max-video-preview:-1"},"canonical":"https:\/\/www.adconsultants-communications.com\/?page_id=8356","og_locale":"fr_FR","og_type":"article","og_title":"Hommage \u00e0 un maire d\u00e9c\u00e9d\u00e9 - AD Consultants","og_description":"[vc_section css=\u00a0\u00bb.vc_custom_1497387491552{border-bottom-width: 1px !important;border-bottom-color: #dddddd !important;border-bottom-style: solid !important;}\u00a0\u00bb][vc_row 0=\u00a0\u00bb\u00a0\u00bb][vc_column 0=\u00a0\u00bb\u00a0\u00bb][\/vc_column][\/vc_row][\/vc_section]","og_url":"https:\/\/www.adconsultants-communications.com\/?page_id=8356","og_site_name":"AD Consultants","article_modified_time":"2022-09-23T15:38:54+00:00","twitter_card":"summary_large_image","twitter_misc":{"Dur\u00e9e de lecture estim\u00e9e":"2 minutes"},"schema":{"@context":"https:\/\/schema.org","@graph":[{"@type":"WebPage","@id":"https:\/\/www.adconsultants-communications.com\/?page_id=8356","url":"https:\/\/www.adconsultants-communications.com\/?page_id=8356","name":"Hommage \u00e0 un maire d\u00e9c\u00e9d\u00e9 - AD Consultants","isPartOf":{"@id":"https:\/\/www.adconsultants-communications.com\/#website"},"datePublished":"2022-09-21T11:04:35+00:00","dateModified":"2022-09-23T15:38:54+00:00","breadcrumb":{"@id":"https:\/\/www.adconsultants-communications.com\/?page_id=8356#breadcrumb"},"inLanguage":"fr-FR","potentialAction":[{"@type":"ReadAction","target":["https:\/\/www.adconsultants-communications.com\/?page_id=8356"]}]},{"@type":"BreadcrumbList","@id":"https:\/\/www.adconsultants-communications.com\/?page_id=8356#breadcrumb","itemListElement":[{"@type":"ListItem","position":1,"name":"Accueil","item":"https:\/\/www.adconsultants-communications.com\/"},{"@type":"ListItem","position":2,"name":"Hommage \u00e0 un maire d\u00e9c\u00e9d\u00e9"}]},{"@type":"WebSite","@id":"https:\/\/www.adconsultants-communications.com\/#website","url":"https:\/\/www.adconsultants-communications.com\/","name":"AD Consultants","description":"","publisher":{"@id":"https:\/\/www.adconsultants-communications.com\/#organization"},"potentialAction":[{"@type":"SearchAction","target":{"@type":"EntryPoint","urlTemplate":"https:\/\/www.adconsultants-communications.com\/?s={search_term_string}"},"query-input":"required name=search_term_string"}],"inLanguage":"fr-FR"},{"@type":"Organization","@id":"https:\/\/www.adconsultants-communications.com\/#organization","name":"AD Consultants communications","url":"https:\/\/www.adconsultants-communications.com\/","logo":{"@type":"ImageObject","inLanguage":"fr-FR","@id":"https:\/\/www.adconsultants-communications.com\/#\/schema\/logo\/image\/","url":"https:\/\/www.adconsultants-communications.com\/wp-content\/uploads\/2022\/09\/LOGO_5.jpg","contentUrl":"https:\/\/www.adconsultants-communications.com\/wp-content\/uploads\/2022\/09\/LOGO_5.jpg","width":800,"height":200,"caption":"AD Consultants communications"},"image":{"@id":"https:\/\/www.adconsultants-communications.com\/#\/schema\/logo\/image\/"}}]}},"_links":{"self":[{"href":"https:\/\/www.adconsultants-communications.com\/index.php?rest_route=\/wp\/v2\/pages\/8356","targetHints":{"allow":["GET"]}}],"collection":[{"href":"https:\/\/www.adconsultants-communications.com\/index.php?rest_route=\/wp\/v2\/pages"}],"about":[{"href":"https:\/\/www.adconsultants-communications.com\/index.php?rest_route=\/wp\/v2\/types\/page"}],"author":[{"embeddable":true,"href":"https:\/\/www.adconsultants-communications.com\/index.php?rest_route=\/wp\/v2\/users\/1"}],"replies":[{"embeddable":true,"href":"https:\/\/www.adconsultants-communications.com\/index.php?rest_route=%2Fwp%2Fv2%2Fcomments&post=8356"}],"version-history":[{"count":1,"href":"https:\/\/www.adconsultants-communications.com\/index.php?rest_route=\/wp\/v2\/pages\/8356\/revisions"}],"predecessor-version":[{"id":8370,"href":"https:\/\/www.adconsultants-communications.com\/index.php?rest_route=\/wp\/v2\/pages\/8356\/revisions\/8370"}],"wp:attachment":[{"href":"https:\/\/www.adconsultants-communications.com\/index.php?rest_route=%2Fwp%2Fv2%2Fmedia&parent=8356"}],"curies":[{"name":"wp","href":"https:\/\/api.w.org\/{rel}","templated":true}]}}

Hommage à un maire décédé

<p>[vc_section css= ».vc_custom_1497387491552{border-bottom-width: 1px !important;border-bottom-color: #dddddd !important;border-bottom-style: solid !important;} »][vc_row 0= » »][vc_column 0= » »]<div class="wpb_content_element "><style type="text/css">#ut_header_69f74085bd07d h2.section-title { font-size:40px !important;line-height:55px !important; }</style><header id="ut_header_69f74085bd07d" class="section-header  ut-no-title-linebreak-mobile ut-no-lead-linebreak-mobile pt-style-7 header-left header-tablet-left header-mobile-center element-with-custom-line-height"><div class="element-with-custom-line-height" ><h2 data-title="Hommage à un maire décédé"  data-responsive-font="section_title" data-responsive-font-settings="{&quot;base-font-size&quot;:&quot;40&quot;,&quot;font-size-unit&quot;:&quot;px&quot;,&quot;font-size&quot;:{&quot;desktop_large&quot;:&quot;40&quot;},&quot;base-line-height&quot;:&quot;global&quot;,&quot;line-height&quot;:{&quot;desktop_large&quot;:&quot;55&quot;},&quot;base-letter-spacing&quot;:&quot;global&quot;}" class="section-title  "><span><b>Hommage à un maire décédé</b></span></h2></div><div data-delay="0" class="lead "><p>En qualité de conseiller général et de maire, j’ai souvent l’occasion de rendre hommage à des élus disparus. C’est mon devoir de rappeler les actions municipales conduites par le défunt. J’honore sa mémoire et présente mes condoléances à sa famille.</p>
<p>A l’église, devant l’autel ou à la maison funéraire, je prends la parole pour lire le texte que j’ai écris afin de bien peser les mots qui résonnent dans la tête de ses proches.</p>
<p>Si mes liens sont étroits avec le défunt, je m’adresse directement à lui. Je lui parle avec mon cœur. Je lui exprime mes sentiments avec émotion et une profonde sincérité. Je sais que ce sont des instants de grande souffrance morale. A la fin de mes propos, j’adresse toujours un message de sympathie à la famille.</p>
<p>J’ai le souvenir de deux hommages rendus à deux maires de mon canton qui sont morts près de moi, l’un dans un accident de voiture, l’autre en tombant dans un escalier de la Maison de retraite alors que j’étais à ses côtés. Deux maires amis, qui m’ont accompagné au début de mon chemin politique.</p>
<p>En me rendant à la tribune près de l’autel, je pense à eux. Mon émotion est forte. Devant le micro, je prends une grande inspiration pour être en capacité de parler sans m’interrompre à la fin de la première ligne. L’émotion devient plus forte encore. Je la transmets à la famille et aux amis présents.</p>
<p>Mon intervention achevée, je me dirige vers le cercueil où je dépose l’écharpe tricolore du défunt. Moments intenses qui me restent gravés dans ma mémoire.</p>
</div></header></div>[/vc_column][/vc_row][/vc_section]</p>

<!-- This site is optimized with the Yoast SEO plugin v19.9 - https://yoast.com/wordpress/plugins/seo/ -->
<title>Hommage à un maire décédé - AD Consultants</title>
<meta name="robots" content="index, follow, max-snippet:-1, max-image-preview:large, max-video-preview:-1" />
<link rel="canonical" href="https://www.adconsultants-communications.com/?page_id=8356" />
<meta property="og:locale" content="fr_FR" />
<meta property="og:type" content="article" />
<meta property="og:title" content="Hommage à un maire décédé - AD Consultants" />
<meta property="og:description" content="[vc_section css= ».vc_custom_1497387491552{border-bottom-width: 1px !important;border-bottom-color: #dddddd !important;border-bottom-style: solid !important;} »][vc_row 0= » »][vc_column 0= » »][/vc_column][/vc_row][/vc_section]" />
<meta property="og:url" content="https://www.adconsultants-communications.com/?page_id=8356" />
<meta property="og:site_name" content="AD Consultants" />
<meta property="article:modified_time" content="2022-09-23T15:38:54+00:00" />
<meta name="twitter:card" content="summary_large_image" />
<meta name="twitter:label1" content="Durée de lecture estimée" />
	<meta name="twitter:data1" content="2 minutes" />
<script type="application/ld+json" class="yoast-schema-graph">{"@context":"https://schema.org","@graph":[{"@type":"WebPage","@id":"https://www.adconsultants-communications.com/?page_id=8356","url":"https://www.adconsultants-communications.com/?page_id=8356","name":"Hommage à un maire décédé - AD Consultants","isPartOf":{"@id":"https://www.adconsultants-communications.com/#website"},"datePublished":"2022-09-21T11:04:35+00:00","dateModified":"2022-09-23T15:38:54+00:00","breadcrumb":{"@id":"https://www.adconsultants-communications.com/?page_id=8356#breadcrumb"},"inLanguage":"fr-FR","potentialAction":[{"@type":"ReadAction","target":["https://www.adconsultants-communications.com/?page_id=8356"]}]},{"@type":"BreadcrumbList","@id":"https://www.adconsultants-communications.com/?page_id=8356#breadcrumb","itemListElement":[{"@type":"ListItem","position":1,"name":"Accueil","item":"https://www.adconsultants-communications.com/"},{"@type":"ListItem","position":2,"name":"Hommage à un maire décédé"}]},{"@type":"WebSite","@id":"https://www.adconsultants-communications.com/#website","url":"https://www.adconsultants-communications.com/","name":"AD Consultants","description":"","publisher":{"@id":"https://www.adconsultants-communications.com/#organization"},"potentialAction":[{"@type":"SearchAction","target":{"@type":"EntryPoint","urlTemplate":"https://www.adconsultants-communications.com/?s={search_term_string}"},"query-input":"required name=search_term_string"}],"inLanguage":"fr-FR"},{"@type":"Organization","@id":"https://www.adconsultants-communications.com/#organization","name":"AD Consultants communications","url":"https://www.adconsultants-communications.com/","logo":{"@type":"ImageObject","inLanguage":"fr-FR","@id":"https://www.adconsultants-communications.com/#/schema/logo/image/","url":"https://www.adconsultants-communications.com/wp-content/uploads/2022/09/LOGO_5.jpg","contentUrl":"https://www.adconsultants-communications.com/wp-content/uploads/2022/09/LOGO_5.jpg","width":800,"height":200,"caption":"AD Consultants communications"},"image":{"@id":"https://www.adconsultants-communications.com/#/schema/logo/image/"}}]}</script>
<!-- / Yoast SEO plugin. -->

Hommage à un maire décédé - AD Consultants
