{"id":8324,"date":"2022-09-21T11:39:41","date_gmt":"2022-09-21T09:39:41","guid":{"rendered":"https:\/\/www.adconsultants-communications.com\/?page_id=8324"},"modified":"2022-09-23T17:35:03","modified_gmt":"2022-09-23T15:35:03","slug":"raison-detre-copy","status":"publish","type":"page","link":"https:\/\/www.adconsultants-communications.com\/?page_id=8324","title":{"rendered":"Un discours improvis\u00e9"},"content":{"rendered":"<p>[vc_section css=\u00a0\u00bb.vc_custom_1497387491552{border-bottom-width: 1px !important;border-bottom-color: #dddddd !important;border-bottom-style: solid !important;}\u00a0\u00bb][vc_row 0=\u00a0\u00bb\u00a0\u00bb][vc_column 0=\u00a0\u00bb\u00a0\u00bb]<div class=\"wpb_content_element \"><style type=\"text\/css\">#ut_header_69f74027607b0 h2.section-title { font-size:40px !important;line-height:55px !important; }<\/style><header id=\"ut_header_69f74027607b0\" class=\"section-header  ut-no-title-linebreak-mobile ut-no-lead-linebreak-mobile pt-style-7 header-left header-tablet-left header-mobile-center element-with-custom-line-height\"><div class=\"element-with-custom-line-height\" ><h2 data-title=\"Un vernissage d\u2019exposition\"  data-responsive-font=\"section_title\" data-responsive-font-settings=\"{&quot;base-font-size&quot;:&quot;40&quot;,&quot;font-size-unit&quot;:&quot;px&quot;,&quot;font-size&quot;:{&quot;desktop_large&quot;:&quot;40&quot;},&quot;base-line-height&quot;:&quot;global&quot;,&quot;line-height&quot;:{&quot;desktop_large&quot;:&quot;55&quot;},&quot;base-letter-spacing&quot;:&quot;global&quot;}\" class=\"section-title  \"><span><b>Un vernissage d\u2019exposition<\/b><\/span><\/h2><\/div><div data-delay=\"0\" class=\"lead \"><p>Le vernissage d\u2019une exposition est un \u00e9v\u00e8nement culturel que j\u2019ai toujours appr\u00e9ci\u00e9. Les organisateurs ont la fibre artistique et veulent valoriser les travaux d\u2019artistes locaux ou r\u00e9gionaux attach\u00e9s \u00e0 leur terroir. Ils doivent \u00eatre soutenus.<\/p>\n<p>Le discours, improvis\u00e9, refl\u00e8te l\u2019esprit des \u0153uvres expos\u00e9es. Il est court et marque un engagement en faveur de l\u2019art en g\u00e9n\u00e9ral, vecteur culturel, touristique et \u00e9conomique d\u2019un Pays.<\/p>\n<p>C\u2019est dire, que m\u00eame bref, les mots prononc\u00e9s sont attendus et sont pes\u00e9s par l\u2019assistance, au souffle pr\u00eat. Les artistes ont une sensibilit\u00e9 forte qu\u2019il faut prendre en compte.<\/p>\n<p>J\u2019ai souvenir d\u2019une exposition \u00e0 la Fert\u00e9 Loupi\u00e8re, organis\u00e9e \u00e0 l\u2019occasion de l\u2019inauguration de nouveaux locaux, am\u00e9nag\u00e9s pour installer l\u2019association culturelle Acanthe en 2005. La salle accueillait un public nombreux, constitu\u00e9 des artistes et des membres de l\u2019association. Les cimaises recouvraient tous les murs. Les fen\u00eatres ouvertes laissaient passer les rayons d\u2019un soleil radieux.<\/p>\n<p>Apr\u00e8s l\u2019intervention du conseiller g\u00e9n\u00e9ral, je d\u00e9cidais, en raison d\u2019une ambiance chaude et chaleureuse, de parler d\u2019une voix forte, saluant les initiatives prises par l\u2019association et remerciant les artistes pour leur contribution au d\u00e9veloppement de notre territoire. Un discours passionn\u00e9, qui a emport\u00e9 l\u2019enthousiasme de l\u2019auditoire et qui s\u2019est termin\u00e9 par de longues acclamations et forces applaudissements, rares dans de telles manifestations.<br \/>\nLa prise de parole du sous-pr\u00e9fet fut, dans ce contexte, plus laborieuse et peu \u00e9cout\u00e9e.<\/p>\n<\/div><\/header><\/div>[\/vc_column][\/vc_row][\/vc_section]<\/p>\n","protected":false},"excerpt":{"rendered":"<p>[vc_section css=\u00a0\u00bb.vc_custom_1497387491552{border-bottom-width: 1px !important;border-bottom-color: #dddddd !important;border-bottom-style: solid !important;}\u00a0\u00bb][vc_row 0=\u00a0\u00bb\u00a0\u00bb][vc_column 0=\u00a0\u00bb\u00a0\u00bb][\/vc_column][\/vc_row][\/vc_section]<\/p>\n","protected":false},"author":1,"featured_media":0,"parent":0,"menu_order":0,"comment_status":"closed","ping_status":"closed","template":"","meta":{"footnotes":""},"class_list":["post-8324","page","type-page","status-publish","hentry"],"yoast_head":"<!-- This site is optimized with the Yoast SEO plugin v19.9 - https:\/\/yoast.com\/wordpress\/plugins\/seo\/ -->\n<title>Un discours improvis\u00e9 - AD Consultants<\/title>\n<meta name=\"robots\" content=\"index, follow, max-snippet:-1, max-image-preview:large, max-video-preview:-1\" \/>\n<link rel=\"canonical\" href=\"https:\/\/www.adconsultants-communications.com\/?page_id=8324\" \/>\n<meta property=\"og:locale\" content=\"fr_FR\" \/>\n<meta property=\"og:type\" content=\"article\" \/>\n<meta property=\"og:title\" content=\"Un discours improvis\u00e9 - AD Consultants\" \/>\n<meta property=\"og:description\" content=\"[vc_section css=\u00a0\u00bb.vc_custom_1497387491552{border-bottom-width: 1px !important;border-bottom-color: #dddddd !important;border-bottom-style: solid !important;}\u00a0\u00bb][vc_row 0=\u00a0\u00bb\u00a0\u00bb][vc_column 0=\u00a0\u00bb\u00a0\u00bb][\/vc_column][\/vc_row][\/vc_section]\" \/>\n<meta property=\"og:url\" content=\"https:\/\/www.adconsultants-communications.com\/?page_id=8324\" \/>\n<meta property=\"og:site_name\" content=\"AD Consultants\" \/>\n<meta property=\"article:modified_time\" content=\"2022-09-23T15:35:03+00:00\" \/>\n<meta name=\"twitter:card\" content=\"summary_large_image\" \/>\n<meta name=\"twitter:label1\" content=\"Dur\u00e9e de lecture estim\u00e9e\" \/>\n\t<meta name=\"twitter:data1\" content=\"2 minutes\" \/>\n<script type=\"application\/ld+json\" class=\"yoast-schema-graph\">{\"@context\":\"https:\/\/schema.org\",\"@graph\":[{\"@type\":\"WebPage\",\"@id\":\"https:\/\/www.adconsultants-communications.com\/?page_id=8324\",\"url\":\"https:\/\/www.adconsultants-communications.com\/?page_id=8324\",\"name\":\"Un discours improvis\u00e9 - AD Consultants\",\"isPartOf\":{\"@id\":\"https:\/\/www.adconsultants-communications.com\/#website\"},\"datePublished\":\"2022-09-21T09:39:41+00:00\",\"dateModified\":\"2022-09-23T15:35:03+00:00\",\"breadcrumb\":{\"@id\":\"https:\/\/www.adconsultants-communications.com\/?page_id=8324#breadcrumb\"},\"inLanguage\":\"fr-FR\",\"potentialAction\":[{\"@type\":\"ReadAction\",\"target\":[\"https:\/\/www.adconsultants-communications.com\/?page_id=8324\"]}]},{\"@type\":\"BreadcrumbList\",\"@id\":\"https:\/\/www.adconsultants-communications.com\/?page_id=8324#breadcrumb\",\"itemListElement\":[{\"@type\":\"ListItem\",\"position\":1,\"name\":\"Accueil\",\"item\":\"https:\/\/www.adconsultants-communications.com\/\"},{\"@type\":\"ListItem\",\"position\":2,\"name\":\"Un discours improvis\u00e9\"}]},{\"@type\":\"WebSite\",\"@id\":\"https:\/\/www.adconsultants-communications.com\/#website\",\"url\":\"https:\/\/www.adconsultants-communications.com\/\",\"name\":\"AD Consultants\",\"description\":\"\",\"publisher\":{\"@id\":\"https:\/\/www.adconsultants-communications.com\/#organization\"},\"potentialAction\":[{\"@type\":\"SearchAction\",\"target\":{\"@type\":\"EntryPoint\",\"urlTemplate\":\"https:\/\/www.adconsultants-communications.com\/?s={search_term_string}\"},\"query-input\":\"required name=search_term_string\"}],\"inLanguage\":\"fr-FR\"},{\"@type\":\"Organization\",\"@id\":\"https:\/\/www.adconsultants-communications.com\/#organization\",\"name\":\"AD Consultants communications\",\"url\":\"https:\/\/www.adconsultants-communications.com\/\",\"logo\":{\"@type\":\"ImageObject\",\"inLanguage\":\"fr-FR\",\"@id\":\"https:\/\/www.adconsultants-communications.com\/#\/schema\/logo\/image\/\",\"url\":\"https:\/\/www.adconsultants-communications.com\/wp-content\/uploads\/2022\/09\/LOGO_5.jpg\",\"contentUrl\":\"https:\/\/www.adconsultants-communications.com\/wp-content\/uploads\/2022\/09\/LOGO_5.jpg\",\"width\":800,\"height\":200,\"caption\":\"AD Consultants communications\"},\"image\":{\"@id\":\"https:\/\/www.adconsultants-communications.com\/#\/schema\/logo\/image\/\"}}]}<\/script>\n<!-- \/ Yoast SEO plugin. -->","yoast_head_json":{"title":"Un discours improvis\u00e9 - AD Consultants","robots":{"index":"index","follow":"follow","max-snippet":"max-snippet:-1","max-image-preview":"max-image-preview:large","max-video-preview":"max-video-preview:-1"},"canonical":"https:\/\/www.adconsultants-communications.com\/?page_id=8324","og_locale":"fr_FR","og_type":"article","og_title":"Un discours improvis\u00e9 - AD Consultants","og_description":"[vc_section css=\u00a0\u00bb.vc_custom_1497387491552{border-bottom-width: 1px !important;border-bottom-color: #dddddd !important;border-bottom-style: solid !important;}\u00a0\u00bb][vc_row 0=\u00a0\u00bb\u00a0\u00bb][vc_column 0=\u00a0\u00bb\u00a0\u00bb][\/vc_column][\/vc_row][\/vc_section]","og_url":"https:\/\/www.adconsultants-communications.com\/?page_id=8324","og_site_name":"AD Consultants","article_modified_time":"2022-09-23T15:35:03+00:00","twitter_card":"summary_large_image","twitter_misc":{"Dur\u00e9e de lecture estim\u00e9e":"2 minutes"},"schema":{"@context":"https:\/\/schema.org","@graph":[{"@type":"WebPage","@id":"https:\/\/www.adconsultants-communications.com\/?page_id=8324","url":"https:\/\/www.adconsultants-communications.com\/?page_id=8324","name":"Un discours improvis\u00e9 - AD Consultants","isPartOf":{"@id":"https:\/\/www.adconsultants-communications.com\/#website"},"datePublished":"2022-09-21T09:39:41+00:00","dateModified":"2022-09-23T15:35:03+00:00","breadcrumb":{"@id":"https:\/\/www.adconsultants-communications.com\/?page_id=8324#breadcrumb"},"inLanguage":"fr-FR","potentialAction":[{"@type":"ReadAction","target":["https:\/\/www.adconsultants-communications.com\/?page_id=8324"]}]},{"@type":"BreadcrumbList","@id":"https:\/\/www.adconsultants-communications.com\/?page_id=8324#breadcrumb","itemListElement":[{"@type":"ListItem","position":1,"name":"Accueil","item":"https:\/\/www.adconsultants-communications.com\/"},{"@type":"ListItem","position":2,"name":"Un discours improvis\u00e9"}]},{"@type":"WebSite","@id":"https:\/\/www.adconsultants-communications.com\/#website","url":"https:\/\/www.adconsultants-communications.com\/","name":"AD Consultants","description":"","publisher":{"@id":"https:\/\/www.adconsultants-communications.com\/#organization"},"potentialAction":[{"@type":"SearchAction","target":{"@type":"EntryPoint","urlTemplate":"https:\/\/www.adconsultants-communications.com\/?s={search_term_string}"},"query-input":"required name=search_term_string"}],"inLanguage":"fr-FR"},{"@type":"Organization","@id":"https:\/\/www.adconsultants-communications.com\/#organization","name":"AD Consultants communications","url":"https:\/\/www.adconsultants-communications.com\/","logo":{"@type":"ImageObject","inLanguage":"fr-FR","@id":"https:\/\/www.adconsultants-communications.com\/#\/schema\/logo\/image\/","url":"https:\/\/www.adconsultants-communications.com\/wp-content\/uploads\/2022\/09\/LOGO_5.jpg","contentUrl":"https:\/\/www.adconsultants-communications.com\/wp-content\/uploads\/2022\/09\/LOGO_5.jpg","width":800,"height":200,"caption":"AD Consultants communications"},"image":{"@id":"https:\/\/www.adconsultants-communications.com\/#\/schema\/logo\/image\/"}}]}},"_links":{"self":[{"href":"https:\/\/www.adconsultants-communications.com\/index.php?rest_route=\/wp\/v2\/pages\/8324","targetHints":{"allow":["GET"]}}],"collection":[{"href":"https:\/\/www.adconsultants-communications.com\/index.php?rest_route=\/wp\/v2\/pages"}],"about":[{"href":"https:\/\/www.adconsultants-communications.com\/index.php?rest_route=\/wp\/v2\/types\/page"}],"author":[{"embeddable":true,"href":"https:\/\/www.adconsultants-communications.com\/index.php?rest_route=\/wp\/v2\/users\/1"}],"replies":[{"embeddable":true,"href":"https:\/\/www.adconsultants-communications.com\/index.php?rest_route=%2Fwp%2Fv2%2Fcomments&post=8324"}],"version-history":[{"count":2,"href":"https:\/\/www.adconsultants-communications.com\/index.php?rest_route=\/wp\/v2\/pages\/8324\/revisions"}],"predecessor-version":[{"id":8326,"href":"https:\/\/www.adconsultants-communications.com\/index.php?rest_route=\/wp\/v2\/pages\/8324\/revisions\/8326"}],"wp:attachment":[{"href":"https:\/\/www.adconsultants-communications.com\/index.php?rest_route=%2Fwp%2Fv2%2Fmedia&parent=8324"}],"curies":[{"name":"wp","href":"https:\/\/api.w.org\/{rel}","templated":true}]}}

Un discours improvisé

<p>[vc_section css= ».vc_custom_1497387491552{border-bottom-width: 1px !important;border-bottom-color: #dddddd !important;border-bottom-style: solid !important;} »][vc_row 0= » »][vc_column 0= » »]<div class="wpb_content_element "><style type="text/css">#ut_header_69f74027607b0 h2.section-title { font-size:40px !important;line-height:55px !important; }</style><header id="ut_header_69f74027607b0" class="section-header  ut-no-title-linebreak-mobile ut-no-lead-linebreak-mobile pt-style-7 header-left header-tablet-left header-mobile-center element-with-custom-line-height"><div class="element-with-custom-line-height" ><h2 data-title="Un vernissage d’exposition"  data-responsive-font="section_title" data-responsive-font-settings="{&quot;base-font-size&quot;:&quot;40&quot;,&quot;font-size-unit&quot;:&quot;px&quot;,&quot;font-size&quot;:{&quot;desktop_large&quot;:&quot;40&quot;},&quot;base-line-height&quot;:&quot;global&quot;,&quot;line-height&quot;:{&quot;desktop_large&quot;:&quot;55&quot;},&quot;base-letter-spacing&quot;:&quot;global&quot;}" class="section-title  "><span><b>Un vernissage d’exposition</b></span></h2></div><div data-delay="0" class="lead "><p>Le vernissage d’une exposition est un évènement culturel que j’ai toujours apprécié. Les organisateurs ont la fibre artistique et veulent valoriser les travaux d’artistes locaux ou régionaux attachés à leur terroir. Ils doivent être soutenus.</p>
<p>Le discours, improvisé, reflète l’esprit des œuvres exposées. Il est court et marque un engagement en faveur de l’art en général, vecteur culturel, touristique et économique d’un Pays.</p>
<p>C’est dire, que même bref, les mots prononcés sont attendus et sont pesés par l’assistance, au souffle prêt. Les artistes ont une sensibilité forte qu’il faut prendre en compte.</p>
<p>J’ai souvenir d’une exposition à la Ferté Loupière, organisée à l’occasion de l’inauguration de nouveaux locaux, aménagés pour installer l’association culturelle Acanthe en 2005. La salle accueillait un public nombreux, constitué des artistes et des membres de l’association. Les cimaises recouvraient tous les murs. Les fenêtres ouvertes laissaient passer les rayons d’un soleil radieux.</p>
<p>Après l’intervention du conseiller général, je décidais, en raison d’une ambiance chaude et chaleureuse, de parler d’une voix forte, saluant les initiatives prises par l’association et remerciant les artistes pour leur contribution au développement de notre territoire. Un discours passionné, qui a emporté l’enthousiasme de l’auditoire et qui s’est terminé par de longues acclamations et forces applaudissements, rares dans de telles manifestations.<br />
La prise de parole du sous-préfet fut, dans ce contexte, plus laborieuse et peu écoutée.</p>
</div></header></div>[/vc_column][/vc_row][/vc_section]</p>

<!-- This site is optimized with the Yoast SEO plugin v19.9 - https://yoast.com/wordpress/plugins/seo/ -->
<title>Un discours improvisé - AD Consultants</title>
<meta name="robots" content="index, follow, max-snippet:-1, max-image-preview:large, max-video-preview:-1" />
<link rel="canonical" href="https://www.adconsultants-communications.com/?page_id=8324" />
<meta property="og:locale" content="fr_FR" />
<meta property="og:type" content="article" />
<meta property="og:title" content="Un discours improvisé - AD Consultants" />
<meta property="og:description" content="[vc_section css= ».vc_custom_1497387491552{border-bottom-width: 1px !important;border-bottom-color: #dddddd !important;border-bottom-style: solid !important;} »][vc_row 0= » »][vc_column 0= » »][/vc_column][/vc_row][/vc_section]" />
<meta property="og:url" content="https://www.adconsultants-communications.com/?page_id=8324" />
<meta property="og:site_name" content="AD Consultants" />
<meta property="article:modified_time" content="2022-09-23T15:35:03+00:00" />
<meta name="twitter:card" content="summary_large_image" />
<meta name="twitter:label1" content="Durée de lecture estimée" />
	<meta name="twitter:data1" content="2 minutes" />
<script type="application/ld+json" class="yoast-schema-graph">{"@context":"https://schema.org","@graph":[{"@type":"WebPage","@id":"https://www.adconsultants-communications.com/?page_id=8324","url":"https://www.adconsultants-communications.com/?page_id=8324","name":"Un discours improvisé - AD Consultants","isPartOf":{"@id":"https://www.adconsultants-communications.com/#website"},"datePublished":"2022-09-21T09:39:41+00:00","dateModified":"2022-09-23T15:35:03+00:00","breadcrumb":{"@id":"https://www.adconsultants-communications.com/?page_id=8324#breadcrumb"},"inLanguage":"fr-FR","potentialAction":[{"@type":"ReadAction","target":["https://www.adconsultants-communications.com/?page_id=8324"]}]},{"@type":"BreadcrumbList","@id":"https://www.adconsultants-communications.com/?page_id=8324#breadcrumb","itemListElement":[{"@type":"ListItem","position":1,"name":"Accueil","item":"https://www.adconsultants-communications.com/"},{"@type":"ListItem","position":2,"name":"Un discours improvisé"}]},{"@type":"WebSite","@id":"https://www.adconsultants-communications.com/#website","url":"https://www.adconsultants-communications.com/","name":"AD Consultants","description":"","publisher":{"@id":"https://www.adconsultants-communications.com/#organization"},"potentialAction":[{"@type":"SearchAction","target":{"@type":"EntryPoint","urlTemplate":"https://www.adconsultants-communications.com/?s={search_term_string}"},"query-input":"required name=search_term_string"}],"inLanguage":"fr-FR"},{"@type":"Organization","@id":"https://www.adconsultants-communications.com/#organization","name":"AD Consultants communications","url":"https://www.adconsultants-communications.com/","logo":{"@type":"ImageObject","inLanguage":"fr-FR","@id":"https://www.adconsultants-communications.com/#/schema/logo/image/","url":"https://www.adconsultants-communications.com/wp-content/uploads/2022/09/LOGO_5.jpg","contentUrl":"https://www.adconsultants-communications.com/wp-content/uploads/2022/09/LOGO_5.jpg","width":800,"height":200,"caption":"AD Consultants communications"},"image":{"@id":"https://www.adconsultants-communications.com/#/schema/logo/image/"}}]}</script>
<!-- / Yoast SEO plugin. -->

Un discours improvisé - AD Consultants
