{"id":8267,"date":"2022-09-21T10:25:37","date_gmt":"2022-09-21T08:25:37","guid":{"rendered":"https:\/\/www.adconsultants-communications.com\/?page_id=8267"},"modified":"2022-11-07T10:16:29","modified_gmt":"2022-11-07T09:16:29","slug":"formation-a-la-prise-de-parole-en-public","status":"publish","type":"page","link":"https:\/\/www.adconsultants-communications.com\/?page_id=8267","title":{"rendered":"FORMATION \u00c0 LA PRISE DE PAROLE EN PUBLIC"},"content":{"rendered":"<p>[vc_section css=\u00a0\u00bb.vc_custom_1497387491552{border-bottom-width: 1px !important;border-bottom-color: #dddddd !important;border-bottom-style: solid !important;}\u00a0\u00bb][vc_row 0=\u00a0\u00bb\u00a0\u00bb][vc_column 0=\u00a0\u00bb\u00a0\u00bb]<div class=\"wpb_content_element \"><style type=\"text\/css\">#ut_header_69f74069c0ea9 h2.section-title { font-size:40px !important;line-height:55px !important; }<\/style><header id=\"ut_header_69f74069c0ea9\" class=\"section-header  ut-no-title-linebreak-mobile ut-no-lead-linebreak-mobile pt-style-7 header-left header-tablet-left header-mobile-center element-with-custom-line-height\"><div class=\"element-with-custom-line-height\" ><h2 data-title=\"Devenez un orateur de talent et prenez du plaisir \u00e0 vous exprimer \u00e0 l\u2019oral !\"  data-responsive-font=\"section_title\" data-responsive-font-settings=\"{&quot;base-font-size&quot;:&quot;40&quot;,&quot;font-size-unit&quot;:&quot;px&quot;,&quot;font-size&quot;:{&quot;desktop_large&quot;:&quot;40&quot;},&quot;base-line-height&quot;:&quot;global&quot;,&quot;line-height&quot;:{&quot;desktop_large&quot;:&quot;55&quot;},&quot;base-letter-spacing&quot;:&quot;global&quot;}\" class=\"section-title  \"><span><b>Devenez un orateur de talent et prenez du plaisir \u00e0 vous exprimer \u00e0 l\u2019oral !<\/b><\/span><\/h2><\/div><div data-delay=\"0\" class=\"lead \"><p><b>VOUS \u00caTES<\/b><\/p>\n<p>&#8211; Chef d\u2019entreprise<br \/>\n&#8211; Directeur de service<br \/>\n&#8211; Ind\u00e9pendant<br \/>\n&#8211; Candidat \u00e0 une \u00e9lection<br \/>\n&#8211; \u00c9lu<br \/>\n&#8211; Responsable politique&#8230;<\/p>\n<p><b>AD consultants vous propose une formation sur-mesure pour exceller \u00e0 l\u2019oral<\/b><br \/>\n<b>NOTRE FORCE :<\/b> Vous faire b\u00e9n\u00e9ficier de l\u2019exp\u00e9rience et des connaissances techniques d\u2019un ma\u00eetre de l\u2019art oratoire.<\/p>\n<p><b>Votre bilan gratuit<\/b><br \/>\nNotre premier rendez-vous me permet d\u2019appr\u00e9cier votre niveau pour vous proposer une formation adapt\u00e9e \u00e0 vos attentes et \u00e0 votre budget.<\/p>\n<p><b>Vous apprendrez \u00e0 :<\/b><br \/>\n&#8211; Pr\u00e9parer l\u2019\u00e9criture de votre prise de parole.<br \/>\n&#8211; Structurer votre discours.<br \/>\n&#8211; Poser votre voix.<br \/>\n&#8211; Ressentir votre public, vous pr\u00e9senter et interagir avec lui.<br \/>\n&#8211; Prendre confiance en vous.<br \/>\n&#8211; \u00c9valuer vos progr\u00e8s.<\/p>\n<p>\n<\/div><\/header><\/div><style type=\"text\/css\">#bklyn_btn_69f74069c3bab .bklyn-btn { background-color:#b7894b !important; }<\/style><div id=\"bklyn_btn_69f74069c3bab\" class=\"bklyn-btn-holder  bklyn-btn-center bklyn-btn-tablet-center bklyn-btn-mobile-center\"><a title=\"\"   href=\"#\" target=\"_self\" class=\"bklyn-btn  bklyn-btn-normal\" ><span class=\"ut-btn-text\">NOUS CONTACTER<\/span><\/a><\/div>[\/vc_column][\/vc_row][\/vc_section]<\/p>\n","protected":false},"excerpt":{"rendered":"<p>[vc_section css=\u00a0\u00bb.vc_custom_1497387491552{border-bottom-width: 1px !important;border-bottom-color: #dddddd !important;border-bottom-style: solid !important;}\u00a0\u00bb][vc_row 0=\u00a0\u00bb\u00a0\u00bb][vc_column 0=\u00a0\u00bb\u00a0\u00bb][\/vc_column][\/vc_row][\/vc_section]<\/p>\n","protected":false},"author":1,"featured_media":0,"parent":0,"menu_order":0,"comment_status":"closed","ping_status":"closed","template":"","meta":{"footnotes":""},"class_list":["post-8267","page","type-page","status-publish","hentry"],"yoast_head":"<!-- This site is optimized with the Yoast SEO plugin v19.9 - https:\/\/yoast.com\/wordpress\/plugins\/seo\/ -->\n<title>formation prise de parole en public<\/title>\n<meta name=\"description\" content=\"Vous cherchez une formation \u00e0 la prise de parole en public sur mesure, adapt\u00e9e \u00e0 votre personnalit\u00e9 ? Une seule adresse AD consultants\" \/>\n<meta name=\"robots\" content=\"index, follow, max-snippet:-1, max-image-preview:large, max-video-preview:-1\" \/>\n<link rel=\"canonical\" href=\"https:\/\/www.adconsultants-communications.com\/?page_id=8267\" \/>\n<meta property=\"og:locale\" content=\"fr_FR\" \/>\n<meta property=\"og:type\" content=\"article\" \/>\n<meta property=\"og:title\" content=\"formation prise de parole en public\" \/>\n<meta property=\"og:description\" content=\"Vous cherchez une formation \u00e0 la prise de parole en public sur mesure, adapt\u00e9e \u00e0 votre personnalit\u00e9 ? Une seule adresse AD consultants\" \/>\n<meta property=\"og:url\" content=\"https:\/\/www.adconsultants-communications.com\/?page_id=8267\" \/>\n<meta property=\"og:site_name\" content=\"AD Consultants\" \/>\n<meta property=\"article:modified_time\" content=\"2022-11-07T09:16:29+00:00\" \/>\n<meta name=\"twitter:card\" content=\"summary_large_image\" \/>\n<meta name=\"twitter:label1\" content=\"Dur\u00e9e de lecture estim\u00e9e\" \/>\n\t<meta name=\"twitter:data1\" content=\"1 minute\" \/>\n<script type=\"application\/ld+json\" class=\"yoast-schema-graph\">{\"@context\":\"https:\/\/schema.org\",\"@graph\":[{\"@type\":\"WebPage\",\"@id\":\"https:\/\/www.adconsultants-communications.com\/?page_id=8267\",\"url\":\"https:\/\/www.adconsultants-communications.com\/?page_id=8267\",\"name\":\"formation prise de parole en public\",\"isPartOf\":{\"@id\":\"https:\/\/www.adconsultants-communications.com\/#website\"},\"datePublished\":\"2022-09-21T08:25:37+00:00\",\"dateModified\":\"2022-11-07T09:16:29+00:00\",\"description\":\"Vous cherchez une formation \u00e0 la prise de parole en public sur mesure, adapt\u00e9e \u00e0 votre personnalit\u00e9 ? Une seule adresse AD consultants\",\"breadcrumb\":{\"@id\":\"https:\/\/www.adconsultants-communications.com\/?page_id=8267#breadcrumb\"},\"inLanguage\":\"fr-FR\",\"potentialAction\":[{\"@type\":\"ReadAction\",\"target\":[\"https:\/\/www.adconsultants-communications.com\/?page_id=8267\"]}]},{\"@type\":\"BreadcrumbList\",\"@id\":\"https:\/\/www.adconsultants-communications.com\/?page_id=8267#breadcrumb\",\"itemListElement\":[{\"@type\":\"ListItem\",\"position\":1,\"name\":\"Accueil\",\"item\":\"https:\/\/www.adconsultants-communications.com\/\"},{\"@type\":\"ListItem\",\"position\":2,\"name\":\"FORMATION \u00c0 LA PRISE DE PAROLE EN PUBLIC\"}]},{\"@type\":\"WebSite\",\"@id\":\"https:\/\/www.adconsultants-communications.com\/#website\",\"url\":\"https:\/\/www.adconsultants-communications.com\/\",\"name\":\"AD Consultants\",\"description\":\"\",\"publisher\":{\"@id\":\"https:\/\/www.adconsultants-communications.com\/#organization\"},\"potentialAction\":[{\"@type\":\"SearchAction\",\"target\":{\"@type\":\"EntryPoint\",\"urlTemplate\":\"https:\/\/www.adconsultants-communications.com\/?s={search_term_string}\"},\"query-input\":\"required name=search_term_string\"}],\"inLanguage\":\"fr-FR\"},{\"@type\":\"Organization\",\"@id\":\"https:\/\/www.adconsultants-communications.com\/#organization\",\"name\":\"AD Consultants communications\",\"url\":\"https:\/\/www.adconsultants-communications.com\/\",\"logo\":{\"@type\":\"ImageObject\",\"inLanguage\":\"fr-FR\",\"@id\":\"https:\/\/www.adconsultants-communications.com\/#\/schema\/logo\/image\/\",\"url\":\"https:\/\/www.adconsultants-communications.com\/wp-content\/uploads\/2022\/09\/LOGO_5.jpg\",\"contentUrl\":\"https:\/\/www.adconsultants-communications.com\/wp-content\/uploads\/2022\/09\/LOGO_5.jpg\",\"width\":800,\"height\":200,\"caption\":\"AD Consultants communications\"},\"image\":{\"@id\":\"https:\/\/www.adconsultants-communications.com\/#\/schema\/logo\/image\/\"}}]}<\/script>\n<!-- \/ Yoast SEO plugin. -->","yoast_head_json":{"title":"formation prise de parole en public","description":"Vous cherchez une formation \u00e0 la prise de parole en public sur mesure, adapt\u00e9e \u00e0 votre personnalit\u00e9 ? Une seule adresse AD consultants","robots":{"index":"index","follow":"follow","max-snippet":"max-snippet:-1","max-image-preview":"max-image-preview:large","max-video-preview":"max-video-preview:-1"},"canonical":"https:\/\/www.adconsultants-communications.com\/?page_id=8267","og_locale":"fr_FR","og_type":"article","og_title":"formation prise de parole en public","og_description":"Vous cherchez une formation \u00e0 la prise de parole en public sur mesure, adapt\u00e9e \u00e0 votre personnalit\u00e9 ? Une seule adresse AD consultants","og_url":"https:\/\/www.adconsultants-communications.com\/?page_id=8267","og_site_name":"AD Consultants","article_modified_time":"2022-11-07T09:16:29+00:00","twitter_card":"summary_large_image","twitter_misc":{"Dur\u00e9e de lecture estim\u00e9e":"1 minute"},"schema":{"@context":"https:\/\/schema.org","@graph":[{"@type":"WebPage","@id":"https:\/\/www.adconsultants-communications.com\/?page_id=8267","url":"https:\/\/www.adconsultants-communications.com\/?page_id=8267","name":"formation prise de parole en public","isPartOf":{"@id":"https:\/\/www.adconsultants-communications.com\/#website"},"datePublished":"2022-09-21T08:25:37+00:00","dateModified":"2022-11-07T09:16:29+00:00","description":"Vous cherchez une formation \u00e0 la prise de parole en public sur mesure, adapt\u00e9e \u00e0 votre personnalit\u00e9 ? Une seule adresse AD consultants","breadcrumb":{"@id":"https:\/\/www.adconsultants-communications.com\/?page_id=8267#breadcrumb"},"inLanguage":"fr-FR","potentialAction":[{"@type":"ReadAction","target":["https:\/\/www.adconsultants-communications.com\/?page_id=8267"]}]},{"@type":"BreadcrumbList","@id":"https:\/\/www.adconsultants-communications.com\/?page_id=8267#breadcrumb","itemListElement":[{"@type":"ListItem","position":1,"name":"Accueil","item":"https:\/\/www.adconsultants-communications.com\/"},{"@type":"ListItem","position":2,"name":"FORMATION \u00c0 LA PRISE DE PAROLE EN PUBLIC"}]},{"@type":"WebSite","@id":"https:\/\/www.adconsultants-communications.com\/#website","url":"https:\/\/www.adconsultants-communications.com\/","name":"AD Consultants","description":"","publisher":{"@id":"https:\/\/www.adconsultants-communications.com\/#organization"},"potentialAction":[{"@type":"SearchAction","target":{"@type":"EntryPoint","urlTemplate":"https:\/\/www.adconsultants-communications.com\/?s={search_term_string}"},"query-input":"required name=search_term_string"}],"inLanguage":"fr-FR"},{"@type":"Organization","@id":"https:\/\/www.adconsultants-communications.com\/#organization","name":"AD Consultants communications","url":"https:\/\/www.adconsultants-communications.com\/","logo":{"@type":"ImageObject","inLanguage":"fr-FR","@id":"https:\/\/www.adconsultants-communications.com\/#\/schema\/logo\/image\/","url":"https:\/\/www.adconsultants-communications.com\/wp-content\/uploads\/2022\/09\/LOGO_5.jpg","contentUrl":"https:\/\/www.adconsultants-communications.com\/wp-content\/uploads\/2022\/09\/LOGO_5.jpg","width":800,"height":200,"caption":"AD Consultants communications"},"image":{"@id":"https:\/\/www.adconsultants-communications.com\/#\/schema\/logo\/image\/"}}]}},"_links":{"self":[{"href":"https:\/\/www.adconsultants-communications.com\/index.php?rest_route=\/wp\/v2\/pages\/8267","targetHints":{"allow":["GET"]}}],"collection":[{"href":"https:\/\/www.adconsultants-communications.com\/index.php?rest_route=\/wp\/v2\/pages"}],"about":[{"href":"https:\/\/www.adconsultants-communications.com\/index.php?rest_route=\/wp\/v2\/types\/page"}],"author":[{"embeddable":true,"href":"https:\/\/www.adconsultants-communications.com\/index.php?rest_route=\/wp\/v2\/users\/1"}],"replies":[{"embeddable":true,"href":"https:\/\/www.adconsultants-communications.com\/index.php?rest_route=%2Fwp%2Fv2%2Fcomments&post=8267"}],"version-history":[{"count":2,"href":"https:\/\/www.adconsultants-communications.com\/index.php?rest_route=\/wp\/v2\/pages\/8267\/revisions"}],"predecessor-version":[{"id":8377,"href":"https:\/\/www.adconsultants-communications.com\/index.php?rest_route=\/wp\/v2\/pages\/8267\/revisions\/8377"}],"wp:attachment":[{"href":"https:\/\/www.adconsultants-communications.com\/index.php?rest_route=%2Fwp%2Fv2%2Fmedia&parent=8267"}],"curies":[{"name":"wp","href":"https:\/\/api.w.org\/{rel}","templated":true}]}}

FORMATION À LA PRISE DE PAROLE EN PUBLIC

<p>[vc_section css= ».vc_custom_1497387491552{border-bottom-width: 1px !important;border-bottom-color: #dddddd !important;border-bottom-style: solid !important;} »][vc_row 0= » »][vc_column 0= » »]<div class="wpb_content_element "><style type="text/css">#ut_header_69f74069c0ea9 h2.section-title { font-size:40px !important;line-height:55px !important; }</style><header id="ut_header_69f74069c0ea9" class="section-header  ut-no-title-linebreak-mobile ut-no-lead-linebreak-mobile pt-style-7 header-left header-tablet-left header-mobile-center element-with-custom-line-height"><div class="element-with-custom-line-height" ><h2 data-title="Devenez un orateur de talent et prenez du plaisir à vous exprimer à l’oral !"  data-responsive-font="section_title" data-responsive-font-settings="{&quot;base-font-size&quot;:&quot;40&quot;,&quot;font-size-unit&quot;:&quot;px&quot;,&quot;font-size&quot;:{&quot;desktop_large&quot;:&quot;40&quot;},&quot;base-line-height&quot;:&quot;global&quot;,&quot;line-height&quot;:{&quot;desktop_large&quot;:&quot;55&quot;},&quot;base-letter-spacing&quot;:&quot;global&quot;}" class="section-title  "><span><b>Devenez un orateur de talent et prenez du plaisir à vous exprimer à l’oral !</b></span></h2></div><div data-delay="0" class="lead "><p><b>VOUS ÊTES</b></p>
<p>&#8211; Chef d’entreprise<br />
&#8211; Directeur de service<br />
&#8211; Indépendant<br />
&#8211; Candidat à une élection<br />
&#8211; Élu<br />
&#8211; Responsable politique&#8230;</p>
<p><b>AD consultants vous propose une formation sur-mesure pour exceller à l’oral</b><br />
<b>NOTRE FORCE :</b> Vous faire bénéficier de l’expérience et des connaissances techniques d’un maître de l’art oratoire.</p>
<p><b>Votre bilan gratuit</b><br />
Notre premier rendez-vous me permet d’apprécier votre niveau pour vous proposer une formation adaptée à vos attentes et à votre budget.</p>
<p><b>Vous apprendrez à :</b><br />
&#8211; Préparer l’écriture de votre prise de parole.<br />
&#8211; Structurer votre discours.<br />
&#8211; Poser votre voix.<br />
&#8211; Ressentir votre public, vous présenter et interagir avec lui.<br />
&#8211; Prendre confiance en vous.<br />
&#8211; Évaluer vos progrès.</p>
<p>
</div></header></div><style type="text/css">#bklyn_btn_69f74069c3bab .bklyn-btn { background-color:#b7894b !important; }</style><div id="bklyn_btn_69f74069c3bab" class="bklyn-btn-holder  bklyn-btn-center bklyn-btn-tablet-center bklyn-btn-mobile-center"><a title=""   href="#" target="_self" class="bklyn-btn  bklyn-btn-normal" ><span class="ut-btn-text">NOUS CONTACTER</span></a></div>[/vc_column][/vc_row][/vc_section]</p>

<!-- This site is optimized with the Yoast SEO plugin v19.9 - https://yoast.com/wordpress/plugins/seo/ -->
<title>formation prise de parole en public</title>
<meta name="description" content="Vous cherchez une formation à la prise de parole en public sur mesure, adaptée à votre personnalité ? Une seule adresse AD consultants" />
<meta name="robots" content="index, follow, max-snippet:-1, max-image-preview:large, max-video-preview:-1" />
<link rel="canonical" href="https://www.adconsultants-communications.com/?page_id=8267" />
<meta property="og:locale" content="fr_FR" />
<meta property="og:type" content="article" />
<meta property="og:title" content="formation prise de parole en public" />
<meta property="og:description" content="Vous cherchez une formation à la prise de parole en public sur mesure, adaptée à votre personnalité ? Une seule adresse AD consultants" />
<meta property="og:url" content="https://www.adconsultants-communications.com/?page_id=8267" />
<meta property="og:site_name" content="AD Consultants" />
<meta property="article:modified_time" content="2022-11-07T09:16:29+00:00" />
<meta name="twitter:card" content="summary_large_image" />
<meta name="twitter:label1" content="Durée de lecture estimée" />
	<meta name="twitter:data1" content="1 minute" />
<script type="application/ld+json" class="yoast-schema-graph">{"@context":"https://schema.org","@graph":[{"@type":"WebPage","@id":"https://www.adconsultants-communications.com/?page_id=8267","url":"https://www.adconsultants-communications.com/?page_id=8267","name":"formation prise de parole en public","isPartOf":{"@id":"https://www.adconsultants-communications.com/#website"},"datePublished":"2022-09-21T08:25:37+00:00","dateModified":"2022-11-07T09:16:29+00:00","description":"Vous cherchez une formation à la prise de parole en public sur mesure, adaptée à votre personnalité ? Une seule adresse AD consultants","breadcrumb":{"@id":"https://www.adconsultants-communications.com/?page_id=8267#breadcrumb"},"inLanguage":"fr-FR","potentialAction":[{"@type":"ReadAction","target":["https://www.adconsultants-communications.com/?page_id=8267"]}]},{"@type":"BreadcrumbList","@id":"https://www.adconsultants-communications.com/?page_id=8267#breadcrumb","itemListElement":[{"@type":"ListItem","position":1,"name":"Accueil","item":"https://www.adconsultants-communications.com/"},{"@type":"ListItem","position":2,"name":"FORMATION À LA PRISE DE PAROLE EN PUBLIC"}]},{"@type":"WebSite","@id":"https://www.adconsultants-communications.com/#website","url":"https://www.adconsultants-communications.com/","name":"AD Consultants","description":"","publisher":{"@id":"https://www.adconsultants-communications.com/#organization"},"potentialAction":[{"@type":"SearchAction","target":{"@type":"EntryPoint","urlTemplate":"https://www.adconsultants-communications.com/?s={search_term_string}"},"query-input":"required name=search_term_string"}],"inLanguage":"fr-FR"},{"@type":"Organization","@id":"https://www.adconsultants-communications.com/#organization","name":"AD Consultants communications","url":"https://www.adconsultants-communications.com/","logo":{"@type":"ImageObject","inLanguage":"fr-FR","@id":"https://www.adconsultants-communications.com/#/schema/logo/image/","url":"https://www.adconsultants-communications.com/wp-content/uploads/2022/09/LOGO_5.jpg","contentUrl":"https://www.adconsultants-communications.com/wp-content/uploads/2022/09/LOGO_5.jpg","width":800,"height":200,"caption":"AD Consultants communications"},"image":{"@id":"https://www.adconsultants-communications.com/#/schema/logo/image/"}}]}</script>
<!-- / Yoast SEO plugin. -->

Vous cherchez une formation à la prise de parole en public sur mesure, adaptée à votre personnalité ? Une seule adresse AD consultants
